CRAN Package Check Results for Package gitear

Last updated on 2024-06-14 00:53:43 CEST.

Flavor Version Tinstall Tcheck Ttotal Status Flags
r-devel-linux-x86_64-debian-clang 1.0.0 5.39 58.79 64.18 NOTE
r-devel-linux-x86_64-debian-gcc 1.0.0 0.41 1.88 2.29 ERROR
r-devel-linux-x86_64-fedora-clang 1.0.0 88.22 NOTE
r-devel-linux-x86_64-fedora-gcc 1.0.0 91.26 NOTE
r-devel-windows-x86_64 1.0.0 7.00 69.00 76.00 NOTE
r-patched-linux-x86_64 1.0.0 4.13 57.09 61.22 NOTE
r-release-linux-x86_64 1.0.0 3.84 55.95 59.79 NOTE
r-release-macos-arm64 1.0.0 32.00 NOTE
r-release-macos-x86_64 1.0.0 49.00 NOTE
r-release-windows-x86_64 1.0.0 6.00 72.00 78.00 NOTE
r-oldrel-macos-arm64 1.0.0 36.00 NOTE
r-oldrel-macos-x86_64 1.0.0 58.00 NOTE
r-oldrel-windows-x86_64 1.0.0 8.00 75.00 83.00 NOTE

Check Details

Version: 1.0.0
Check: LazyData
Result: NOTE 'LazyData' is specified without a 'data' directory Flavors: r-devel-linux-x86_64-debian-clang, r-devel-linux-x86_64-fedora-clang, r-devel-linux-x86_64-fedora-gcc, r-devel-windows-x86_64, r-patched-linux-x86_64, r-release-linux-x86_64, r-release-macos-arm64, r-release-macos-x86_64, r-release-windows-x86_64, r-oldrel-macos-arm64, r-oldrel-macos-x86_64, r-oldrel-windows-x86_64

Version: 1.0.0
Check: package dependencies
Result: ERROR Packages required but not available: 'dplyr', 'tidyr', 'tibble', 'stringr', 'mockery' Package suggested but not available for checking: ‘testthat’ See section ‘The DESCRIPTION file’ in the ‘Writing R Extensions’ manual. Flavor: r-devel-linux-x86_64-debian-gcc

Version: 1.0.0
Check: dependencies in R code
Result: NOTE Namespaces in Imports field not imported from: ‘Rcpp’ ‘mockery’ All declared Imports should be used. Flavors: r-devel-linux-x86_64-fedora-clang, r-devel-linux-x86_64-fedora-gcc