CRAN Package Check Results for Package giscoR

Last updated on 2021-10-24 23:51:49 CEST.

Flavor Version Tinstall Tcheck Ttotal Status Flags
r-devel-linux-x86_64-debian-clang 0.3.1 4.01 52.08 56.09 OK
r-devel-linux-x86_64-debian-gcc 0.3.1 3.29 39.64 42.93 OK
r-devel-linux-x86_64-fedora-clang 0.3.1 77.01 NOTE
r-devel-linux-x86_64-fedora-gcc 0.3.1 65.92 NOTE
r-devel-windows-x86_64 0.3.1 7.00 75.00 82.00 OK
r-devel-windows-x86_64-gcc10-UCRT 0.3.1 NOTE
r-patched-linux-x86_64 0.3.1 4.87 50.02 54.89 OK
r-patched-solaris-x86 0.3.1 95.30 NOTE
r-release-linux-x86_64 0.3.1 3.63 49.50 53.13 OK
r-release-macos-arm64 0.3.0 NOTE
r-release-macos-x86_64 0.3.1 NOTE
r-release-windows-ix86+x86_64 0.3.1 6.00 77.00 83.00 OK
r-oldrel-macos-x86_64 0.3.1 NOTE
r-oldrel-windows-ix86+x86_64 0.3.1 6.00 54.00 60.00 OK

Check Details

Version: 0.3.1
Check: data for non-ASCII characters
Result: NOTE
     Note: found 1178 marked UTF-8 strings
Flavors: r-devel-linux-x86_64-fedora-clang, r-devel-linux-x86_64-fedora-gcc, r-devel-windows-x86_64-gcc10-UCRT, r-patched-solaris-x86, r-release-macos-x86_64, r-oldrel-macos-x86_64

Version: 0.3.0
Check: data for non-ASCII characters
Result: NOTE
     Note: found 1178 marked UTF-8 strings
Flavor: r-release-macos-arm64