Last updated on 2023-01-28 23:51:39 CET.
Flavor | Version | Tinstall | Tcheck | Ttotal | Status | Flags |
---|---|---|---|---|---|---|
r-devel-linux-x86_64-debian-clang | 0.2.1 | 43.26 | 29.51 | 72.77 | OK | |
r-devel-linux-x86_64-debian-gcc | 0.2.1 | 38.76 | 23.28 | 62.04 | OK | |
r-devel-linux-x86_64-fedora-clang | 0.2.1 | 106.91 | OK | |||
r-devel-linux-x86_64-fedora-gcc | 0.2.1 | 101.08 | OK | |||
r-devel-windows-x86_64 | 0.2.1 | 50.00 | 78.00 | 128.00 | OK | |
r-patched-linux-x86_64 | 0.2.1 | 41.63 | 29.33 | 70.96 | OK | |
r-release-linux-x86_64 | 0.2.1 | 43.50 | 30.05 | 73.55 | OK | |
r-release-macos-arm64 | 0.2.1 | 31.00 | OK | |||
r-release-macos-x86_64 | 0.2.1 | 55.00 | OK | |||
r-release-windows-x86_64 | 0.2.1 | 38.00 | 86.00 | 124.00 | OK | |
r-oldrel-macos-arm64 | 0.2.1 | 38.00 | NOTE | |||
r-oldrel-macos-x86_64 | 0.2.1 | 79.00 | OK | |||
r-oldrel-windows-ix86+x86_64 | 0.2.1 | 110.00 | 81.00 | 191.00 | OK |
Version: 0.2.1
Check: installed package size
Result: NOTE
installed size is 5.5Mb
sub-directories of 1Mb or more:
libs 4.9Mb
Flavor: r-oldrel-macos-arm64