CRAN Package Check Results for Package gifti

Last updated on 2021-09-23 23:50:07 CEST.

Flavor Version Tinstall Tcheck Ttotal Status Flags
r-devel-linux-x86_64-debian-clang 0.8.0 3.00 58.62 61.62 NOTE
r-devel-linux-x86_64-debian-gcc 0.8.0 2.42 46.55 48.97 NOTE
r-devel-linux-x86_64-fedora-clang 0.8.0 81.22 NOTE
r-devel-linux-x86_64-fedora-gcc 0.8.0 72.45 NOTE
r-devel-windows-x86_64 0.8.0 4.00 136.00 140.00 NOTE
r-devel-windows-x86_64-gcc10-UCRT 0.8.0 NOTE
r-patched-linux-x86_64 0.8.0 3.32 57.68 61.00 NOTE
r-patched-solaris-x86 0.8.0 106.40 NOTE
r-release-linux-x86_64 0.8.0 2.40 57.84 60.24 NOTE
r-release-macos-arm64 0.8.0 NOTE
r-release-macos-x86_64 0.8.0 NOTE
r-release-windows-ix86+x86_64 0.8.0 7.00 166.00 173.00 NOTE
r-oldrel-macos-x86_64 0.8.0 OK
r-oldrel-windows-ix86+x86_64 0.8.0 16.00 137.00 153.00 OK

Check Details

Version: 0.8.0
Check: LazyData
Result: NOTE
     'LazyData' is specified without a 'data' directory
Flavors: r-devel-linux-x86_64-debian-clang, r-devel-linux-x86_64-debian-gcc, r-devel-linux-x86_64-fedora-clang, r-devel-linux-x86_64-fedora-gcc, r-devel-windows-x86_64, r-devel-windows-x86_64-gcc10-UCRT, r-patched-linux-x86_64, r-patched-solaris-x86, r-release-linux-x86_64, r-release-macos-arm64, r-release-macos-x86_64, r-release-windows-ix86+x86_64