Last updated on 2023-04-02 00:57:34 CEST.
Flavor | Version | Tinstall | Tcheck | Ttotal | Status | Flags |
---|---|---|---|---|---|---|
r-devel-linux-x86_64-debian-clang | 3.0.0 | 22.57 | 313.03 | 335.60 | NOTE | |
r-devel-linux-x86_64-debian-gcc | 3.0.0 | 17.40 | 222.12 | 239.52 | NOTE | |
r-devel-linux-x86_64-fedora-clang | 3.0.0 | 440.84 | NOTE | |||
r-devel-linux-x86_64-fedora-gcc | 3.0.0 | 433.82 | NOTE | |||
r-devel-windows-x86_64 | 3.0.0 | 29.00 | 380.00 | 409.00 | NOTE | |
r-patched-linux-x86_64 | 3.0.0 | 17.27 | 298.99 | 316.26 | NOTE | |
r-release-linux-x86_64 | 3.0.0 | 15.56 | 307.21 | 322.77 | OK | |
r-release-macos-arm64 | 3.0.0 | 148.00 | NOTE | |||
r-release-macos-x86_64 | 3.0.0 | 206.00 | NOTE | |||
r-release-windows-x86_64 | 3.0.0 | 31.00 | 372.00 | 403.00 | OK | |
r-oldrel-macos-arm64 | 3.0.0 | 102.00 | NOTE | |||
r-oldrel-macos-x86_64 | 3.0.0 | 160.00 | NOTE | |||
r-oldrel-windows-ix86+x86_64 | 3.0.0 | 52.00 | 453.00 | 505.00 | NOTE |
Version: 3.0.0
Check: package subdirectories
Result: NOTE
Problems with news in ‘NEWS.md’:
No news entries found.
Flavors: r-devel-linux-x86_64-debian-clang, r-devel-linux-x86_64-debian-gcc, r-devel-linux-x86_64-fedora-clang, r-devel-linux-x86_64-fedora-gcc, r-devel-windows-x86_64, r-patched-linux-x86_64
Version: 3.0.0
Check: dependencies in R code
Result: NOTE
Namespaces in Imports field not imported from:
‘MASS’ ‘graphics’ ‘refund’ ‘stats’ ‘utils’
All declared Imports should be used.
Flavors: r-devel-linux-x86_64-fedora-clang, r-devel-linux-x86_64-fedora-gcc, r-release-macos-arm64, r-release-macos-x86_64, r-oldrel-macos-arm64, r-oldrel-macos-x86_64
Version: 3.0.0
Check: installed package size
Result: NOTE
installed size is 5.5Mb
sub-directories of 1Mb or more:
data 1.6Mb
doc 1.8Mb
libs 2.0Mb
Flavor: r-oldrel-windows-ix86+x86_64