CRAN Package Check Results for Package ggstream

Last updated on 2023-06-10 00:54:46 CEST.

Flavor Version Tinstall Tcheck Ttotal Status Flags
r-devel-linux-x86_64-debian-clang 0.1.0 4.07 39.54 43.61 OK
r-devel-linux-x86_64-debian-gcc 0.1.0 3.89 30.97 34.86 OK
r-devel-linux-x86_64-fedora-clang 0.1.0 56.15 NOTE
r-devel-linux-x86_64-fedora-gcc 0.1.0 52.67 NOTE
r-devel-windows-x86_64 0.1.0 7.00 50.00 57.00 OK
r-patched-linux-x86_64 0.1.0 5.13 38.24 43.37 OK
r-release-linux-x86_64 0.1.0 3.37 37.65 41.02 OK
r-release-macos-arm64 0.1.0 21.00 OK
r-release-macos-x86_64 0.1.0 31.00 OK
r-release-windows-x86_64 0.1.0 6.00 54.00 60.00 OK
r-oldrel-macos-arm64 0.1.0 22.00 NOTE
r-oldrel-macos-x86_64 0.1.0 44.00 NOTE
r-oldrel-windows-x86_64 0.1.0 7.00 56.00 63.00 OK

Check Details

Version: 0.1.0
Check: dependencies in R code
Result: NOTE
    Namespace in Imports field not imported from: ‘tidyr’
     All declared Imports should be used.
Flavors: r-devel-linux-x86_64-fedora-clang, r-devel-linux-x86_64-fedora-gcc, r-oldrel-macos-arm64, r-oldrel-macos-x86_64