CRAN Package Check Results for Package ggsom

Last updated on 2024-06-17 00:50:00 CEST.

Flavor Version Tinstall Tcheck Ttotal Status Flags
r-devel-linux-x86_64-debian-clang 0.4.0 6.46 54.37 60.83 NOTE
r-devel-linux-x86_64-debian-gcc 0.4.0 5.36 41.33 46.69 NOTE
r-devel-linux-x86_64-fedora-clang 0.4.0 82.43 NOTE
r-devel-linux-x86_64-fedora-gcc 0.4.0 74.25 NOTE
r-devel-windows-x86_64 0.4.0 7.00 60.00 67.00 NOTE
r-patched-linux-x86_64 0.4.0 6.10 53.28 59.38 NOTE
r-release-linux-x86_64 0.4.0 5.78 53.11 58.89 NOTE
r-release-macos-arm64 0.4.0 27.00 NOTE
r-release-macos-x86_64 0.4.0 39.00 NOTE
r-release-windows-x86_64 0.4.0 7.00 60.00 67.00 NOTE
r-oldrel-macos-arm64 0.4.0 26.00 NOTE
r-oldrel-macos-x86_64 0.4.0 38.00 NOTE
r-oldrel-windows-x86_64 0.4.0 10.00 68.00 78.00 NOTE

Check Details

Version: 0.4.0
Check: LazyData
Result: NOTE 'LazyData' is specified without a 'data' directory Flavors: r-devel-linux-x86_64-debian-clang, r-devel-linux-x86_64-debian-gcc, r-devel-linux-x86_64-fedora-clang, r-devel-linux-x86_64-fedora-gcc, r-devel-windows-x86_64, r-patched-linux-x86_64, r-release-linux-x86_64, r-release-macos-arm64, r-release-macos-x86_64, r-release-windows-x86_64, r-oldrel-macos-arm64, r-oldrel-macos-x86_64, r-oldrel-windows-x86_64