CRAN Package Check Results for Package ggshadow

Last updated on 2021-10-18 23:49:32 CEST.

Flavor Version Tinstall Tcheck Ttotal Status Flags
r-devel-linux-x86_64-debian-clang 0.0.2 5.83 60.80 66.63 NOTE
r-devel-linux-x86_64-debian-gcc 0.0.2 4.89 45.00 49.89 NOTE
r-devel-linux-x86_64-fedora-clang 0.0.2 88.32 NOTE
r-devel-linux-x86_64-fedora-gcc 0.0.2 75.45 NOTE
r-devel-windows-x86_64 0.0.2 11.00 104.00 115.00 NOTE
r-devel-windows-x86_64-gcc10-UCRT 0.0.2 NOTE
r-patched-linux-x86_64 0.0.2 5.86 54.80 60.66 NOTE
r-patched-solaris-x86 0.0.2 106.20 NOTE
r-release-linux-x86_64 0.0.2 5.49 55.16 60.65 NOTE
r-release-macos-arm64 0.0.2 NOTE
r-release-macos-x86_64 0.0.2 NOTE
r-release-windows-ix86+x86_64 0.0.2 15.00 94.00 109.00 NOTE
r-oldrel-macos-x86_64 0.0.2 OK
r-oldrel-windows-ix86+x86_64 0.0.2 17.00 94.00 111.00 OK

Check Details

Version: 0.0.2
Check: LazyData
Result: NOTE
     'LazyData' is specified without a 'data' directory
Flavors: r-devel-linux-x86_64-debian-clang, r-devel-linux-x86_64-debian-gcc, r-devel-linux-x86_64-fedora-clang, r-devel-linux-x86_64-fedora-gcc, r-devel-windows-x86_64, r-devel-windows-x86_64-gcc10-UCRT, r-patched-linux-x86_64, r-patched-solaris-x86, r-release-linux-x86_64, r-release-macos-arm64, r-release-macos-x86_64, r-release-windows-ix86+x86_64

Version: 0.0.2
Check: Rd cross-references
Result: NOTE
    Undeclared package ‘RColorBrewer’ in Rd xrefs
Flavor: r-devel-linux-x86_64-fedora-clang