CRAN Package Check Results for Package ggridges

Last updated on 2021-10-16 23:49:23 CEST.

Flavor Version Tinstall Tcheck Ttotal Status Flags
r-devel-linux-x86_64-debian-clang 0.5.3 8.09 108.88 116.97 OK
r-devel-linux-x86_64-debian-gcc 0.5.3 7.29 79.71 87.00 OK
r-devel-linux-x86_64-fedora-clang 0.5.3 144.76 NOTE
r-devel-linux-x86_64-fedora-gcc 0.5.3 131.28 NOTE
r-devel-windows-x86_64 0.5.3 12.00 100.00 112.00 OK
r-devel-windows-x86_64-gcc10-UCRT 0.5.3 NOTE
r-patched-linux-x86_64 0.5.3 14.28 101.17 115.45 OK
r-patched-solaris-x86 0.5.3 183.00 NOTE
r-release-linux-x86_64 0.5.3 7.72 102.58 110.30 OK
r-release-macos-arm64 0.5.3 NOTE
r-release-macos-x86_64 0.5.3 NOTE
r-release-windows-ix86+x86_64 0.5.3 19.00 133.00 152.00 OK
r-oldrel-macos-x86_64 0.5.3 NOTE
r-oldrel-windows-ix86+x86_64 0.5.3 20.00 129.00 149.00 OK

Check Details

Version: 0.5.3
Check: data for non-ASCII characters
Result: NOTE
     Note: found 6242 marked UTF-8 strings
Flavors: r-devel-linux-x86_64-fedora-clang, r-devel-linux-x86_64-fedora-gcc, r-devel-windows-x86_64-gcc10-UCRT, r-patched-solaris-x86, r-release-macos-arm64, r-release-macos-x86_64, r-oldrel-macos-x86_64