CRAN Package Check Results for Package ggpointless

Last updated on 2023-01-28 23:51:39 CET.

Flavor Version Tinstall Tcheck Ttotal Status Flags
r-devel-linux-x86_64-debian-clang 0.0.3 5.82 104.36 110.18 OK
r-devel-linux-x86_64-debian-gcc 0.0.3 4.15 76.49 80.64 OK
r-devel-linux-x86_64-fedora-clang 0.0.3 143.95 NOTE
r-devel-linux-x86_64-fedora-gcc 0.0.3 157.80 NOTE
r-devel-windows-x86_64 0.0.3 33.00 141.00 174.00 OK
r-patched-linux-x86_64 0.0.3 5.66 96.28 101.94 OK
r-release-linux-x86_64 0.0.3 6.16 92.63 98.79 OK
r-release-macos-arm64 0.0.3 31.00 NOTE
r-release-macos-x86_64 0.0.3 55.00 NOTE
r-release-windows-x86_64 0.0.3 53.00 136.00 189.00 OK
r-oldrel-macos-arm64 0.0.3 36.00 NOTE
r-oldrel-macos-x86_64 0.0.3 55.00 NOTE
r-oldrel-windows-ix86+x86_64 0.0.3 15.00 123.00 138.00 OK

Check Details

Version: 0.0.3
Check: data for non-ASCII characters
Result: NOTE
     Note: found 35 marked UTF-8 strings
Flavors: r-devel-linux-x86_64-fedora-clang, r-devel-linux-x86_64-fedora-gcc, r-release-macos-arm64, r-release-macos-x86_64, r-oldrel-macos-arm64, r-oldrel-macos-x86_64