CRAN Package Check Results for Package ggm

Last updated on 2022-01-21 23:48:47 CET.

Flavor Version Tinstall Tcheck Ttotal Status Flags
r-devel-linux-x86_64-debian-clang 2.5 6.98 82.28 89.26 OK
r-devel-linux-x86_64-debian-gcc 2.5 8.54 62.09 70.63 OK
r-devel-linux-x86_64-fedora-clang 2.5 112.73 NOTE
r-devel-linux-x86_64-fedora-gcc 2.5 100.60 NOTE
r-devel-windows-x86_64-new-UL 2.5 48.00 104.00 152.00 OK
r-devel-windows-x86_64-new-TK 2.5 NOTE
r-patched-linux-x86_64 2.5 11.53 79.71 91.24 OK
r-release-linux-x86_64 2.5 10.04 79.94 89.98 OK
r-release-macos-arm64 2.5 NOTE
r-release-macos-x86_64 2.5 NOTE
r-release-windows-ix86+x86_64 2.5 15.00 93.00 108.00 OK
r-oldrel-macos-x86_64 2.5 NOTE
r-oldrel-windows-ix86+x86_64 2.5 17.00 95.00 112.00 OK

Check Details

Version: 2.5
Check: dependencies in R code
Result: NOTE
    Namespace in Imports field not imported from: ‘graph’
     All declared Imports should be used.
Flavors: r-devel-linux-x86_64-fedora-clang, r-devel-linux-x86_64-fedora-gcc, r-devel-windows-x86_64-new-TK, r-release-macos-arm64, r-release-macos-x86_64, r-oldrel-macos-x86_64