Last updated on 2023-01-28 23:51:39 CET.
Flavor | Version | Tinstall | Tcheck | Ttotal | Status | Flags |
---|---|---|---|---|---|---|
r-devel-linux-x86_64-debian-clang | 0.8.6 | 137.01 | 215.29 | 352.30 | OK | |
r-devel-linux-x86_64-debian-gcc | 0.8.6 | 104.16 | 156.60 | 260.76 | NOTE | |
r-devel-linux-x86_64-fedora-clang | 0.8.6 | 472.45 | NOTE | |||
r-devel-linux-x86_64-fedora-gcc | 0.8.6 | 459.34 | NOTE | |||
r-devel-windows-x86_64 | 0.8.6 | 146.00 | 305.00 | 451.00 | NOTE | |
r-patched-linux-x86_64 | 0.8.6 | 122.22 | 198.38 | 320.60 | OK | |
r-release-linux-x86_64 | 0.8.6 | 111.73 | 197.23 | 308.96 | OK | |
r-release-macos-arm64 | 0.8.6 | 91.00 | NOTE | |||
r-release-macos-x86_64 | 0.8.6 | 165.00 | NOTE | |||
r-release-windows-x86_64 | 0.8.6 | 132.00 | 279.00 | 411.00 | OK | |
r-oldrel-macos-arm64 | 0.8.6 | 88.00 | NOTE | |||
r-oldrel-macos-x86_64 | 0.8.6 | 167.00 | NOTE | |||
r-oldrel-windows-ix86+x86_64 | 0.8.6 | 319.00 | 376.00 | 695.00 | OK |
Version: 0.8.6
Check: C++ specification
Result: NOTE
Specified C++11: please update to current default of C++17
Flavors: r-devel-linux-x86_64-debian-gcc, r-devel-linux-x86_64-fedora-clang, r-devel-linux-x86_64-fedora-gcc, r-devel-windows-x86_64
Version: 0.8.6
Check: installed package size
Result: NOTE
installed size is 7.0Mb
sub-directories of 1Mb or more:
libs 5.1Mb
Flavors: r-release-macos-arm64, r-release-macos-x86_64, r-oldrel-macos-arm64, r-oldrel-macos-x86_64