CRAN Package Check Results for Package ggiraph

Last updated on 2021-10-23 23:50:12 CEST.

Flavor Version Tinstall Tcheck Ttotal Status Flags
r-devel-linux-x86_64-debian-clang 0.7.10 64.44 149.23 213.67 OK
r-devel-linux-x86_64-debian-gcc 0.7.10 47.59 110.66 158.25 OK
r-devel-linux-x86_64-fedora-clang 0.7.10 278.74 OK
r-devel-linux-x86_64-fedora-gcc 0.7.10 258.74 OK
r-devel-windows-x86_64 0.7.10 92.00 215.00 307.00 OK
r-devel-windows-x86_64-gcc10-UCRT 0.7.10 OK
r-patched-linux-x86_64 0.7.10 64.76 138.86 203.62 OK
r-patched-solaris-x86 0.7.10 327.70 OK
r-release-linux-x86_64 0.7.10 54.73 140.00 194.73 OK
r-release-macos-arm64 0.7.10 NOTE
r-release-macos-x86_64 0.7.10 NOTE
r-release-windows-ix86+x86_64 0.7.10 116.00 302.00 418.00 OK
r-oldrel-macos-x86_64 0.7.10 NOTE
r-oldrel-windows-ix86+x86_64 0.7.10 161.00 299.00 460.00 OK

Check Details

Version: 0.7.10
Check: installed package size
Result: NOTE
     installed size is 5.7Mb
     sub-directories of 1Mb or more:
     libs 4.5Mb
Flavors: r-release-macos-arm64, r-release-macos-x86_64, r-oldrel-macos-x86_64