CRAN Package Check Results for Package ggiraph

Last updated on 2023-09-22 00:53:18 CEST.

Flavor Version Tinstall Tcheck Ttotal Status Flags
r-devel-linux-x86_64-debian-clang 0.8.7 155.31 203.68 358.99 OK
r-devel-linux-x86_64-debian-gcc 0.8.7 96.24 150.88 247.12 OK
r-devel-linux-x86_64-fedora-clang 0.8.7 471.98 OK
r-devel-linux-x86_64-fedora-gcc 0.8.7 478.03 OK
r-devel-windows-x86_64 0.8.7 119.00 198.00 317.00 OK
r-patched-linux-x86_64 0.8.7 124.11 196.40 320.51 OK
r-release-linux-x86_64 0.8.7 126.98 193.91 320.89 OK
r-release-macos-arm64 0.8.7 127.00 NOTE
r-release-macos-x86_64 0.8.7 219.00 NOTE
r-release-windows-x86_64 0.8.7 151.00 248.00 399.00 OK
r-oldrel-macos-arm64 0.8.7 105.00 NOTE
r-oldrel-macos-x86_64 0.8.7 166.00 NOTE
r-oldrel-windows-x86_64 0.8.7 139.00 224.00 363.00 OK

Check Details

Version: 0.8.7
Check: installed package size
Result: NOTE
     installed size is 7.2Mb
     sub-directories of 1Mb or more:
     libs 5.3Mb
Flavors: r-release-macos-arm64, r-release-macos-x86_64, r-oldrel-macos-arm64, r-oldrel-macos-x86_64