Last updated on 2023-06-07 01:03:26 CEST.
Flavor | Version | Tinstall | Tcheck | Ttotal | Status | Flags |
---|---|---|---|---|---|---|
r-devel-linux-x86_64-debian-clang | 0.1.4 | 6.85 | 62.67 | 69.52 | OK | |
r-devel-linux-x86_64-debian-gcc | 0.1.4 | 5.19 | 47.09 | 52.28 | OK | |
r-devel-linux-x86_64-fedora-clang | 0.1.4 | 85.52 | NOTE | |||
r-devel-linux-x86_64-fedora-gcc | 0.1.4 | 93.34 | NOTE | |||
r-devel-windows-x86_64 | 0.1.4 | 7.00 | 67.00 | 74.00 | OK | |
r-patched-linux-x86_64 | 0.1.4 | 6.67 | 60.04 | 66.71 | OK | |
r-release-linux-x86_64 | 0.1.4 | 5.58 | 58.87 | 64.45 | OK | |
r-release-macos-arm64 | 0.1.4 | 36.00 | OK | |||
r-release-macos-x86_64 | 0.1.4 | 59.00 | OK | |||
r-release-windows-x86_64 | 0.1.4 | 9.00 | 76.00 | 85.00 | OK | |
r-oldrel-macos-arm64 | 0.1.4 | 35.00 | NOTE | |||
r-oldrel-macos-x86_64 | 0.1.4 | 50.00 | NOTE | |||
r-oldrel-windows-x86_64 | 0.1.4 | 9.00 | 79.00 | 88.00 | OK |
Version: 0.1.4
Check: dependencies in R code
Result: NOTE
Namespaces in Imports field not imported from:
‘grDevices’ ‘gtable’
All declared Imports should be used.
Flavors: r-devel-linux-x86_64-fedora-clang, r-devel-linux-x86_64-fedora-gcc, r-oldrel-macos-arm64, r-oldrel-macos-x86_64