CRAN Package Check Results for Package ggfocus

Last updated on 2023-06-07 01:03:26 CEST.

Flavor Version Tinstall Tcheck Ttotal Status Flags
r-devel-linux-x86_64-debian-clang 1.0.0 6.12 68.47 74.59 NOTE
r-devel-linux-x86_64-debian-gcc 1.0.0 4.97 51.09 56.06 NOTE
r-devel-linux-x86_64-fedora-clang 1.0.0 90.80 NOTE
r-devel-linux-x86_64-fedora-gcc 1.0.0 94.86 NOTE
r-devel-windows-x86_64 1.0.0 8.00 68.00 76.00 NOTE
r-patched-linux-x86_64 1.0.0 4.69 64.60 69.29 NOTE
r-release-linux-x86_64 1.0.0 6.39 64.38 70.77 NOTE
r-release-macos-arm64 1.0.0 37.00 NOTE
r-release-macos-x86_64 1.0.0 58.00 NOTE
r-release-windows-x86_64 1.0.0 8.00 79.00 87.00 NOTE
r-oldrel-macos-arm64 1.0.0 35.00 NOTE
r-oldrel-macos-x86_64 1.0.0 61.00 NOTE
r-oldrel-windows-x86_64 1.0.0 9.00 82.00 91.00 NOTE

Check Details

Version: 1.0.0
Check: LazyData
Result: NOTE
     'LazyData' is specified without a 'data' directory
Flavors: r-devel-linux-x86_64-debian-clang, r-devel-linux-x86_64-debian-gcc, r-devel-linux-x86_64-fedora-clang, r-devel-linux-x86_64-fedora-gcc, r-devel-windows-x86_64, r-patched-linux-x86_64, r-release-linux-x86_64, r-release-macos-arm64, r-release-macos-x86_64, r-release-windows-x86_64, r-oldrel-macos-arm64, r-oldrel-macos-x86_64, r-oldrel-windows-x86_64