CRAN Package Check Results for Package gge

Last updated on 2021-10-18 23:49:32 CEST.

Flavor Version Tinstall Tcheck Ttotal Status Flags
r-devel-linux-x86_64-debian-clang 1.6 3.23 36.44 39.67 NOTE
r-devel-linux-x86_64-debian-gcc 1.6 3.05 28.80 31.85 NOTE
r-devel-linux-x86_64-fedora-clang 1.6 58.15 NOTE
r-devel-linux-x86_64-fedora-gcc 1.6 47.72 NOTE
r-devel-windows-x86_64 1.6 6.00 59.00 65.00 NOTE
r-devel-windows-x86_64-gcc10-UCRT 1.6 NOTE
r-patched-linux-x86_64 1.6 3.16 35.68 38.84 NOTE
r-patched-solaris-x86 1.6 69.70 NOTE
r-release-linux-x86_64 1.6 3.58 35.87 39.45 NOTE
r-release-macos-arm64 1.6 NOTE
r-release-macos-x86_64 1.6 NOTE
r-release-windows-ix86+x86_64 1.6 6.00 57.00 63.00 NOTE
r-oldrel-macos-x86_64 1.6 OK
r-oldrel-windows-ix86+x86_64 1.6 9.00 55.00 64.00 OK

Check Details

Version: 1.6
Check: LazyData
Result: NOTE
     'LazyData' is specified without a 'data' directory
Flavors: r-devel-linux-x86_64-debian-clang, r-devel-linux-x86_64-debian-gcc, r-devel-linux-x86_64-fedora-clang, r-devel-linux-x86_64-fedora-gcc, r-devel-windows-x86_64, r-devel-windows-x86_64-gcc10-UCRT, r-patched-linux-x86_64, r-patched-solaris-x86, r-release-linux-x86_64, r-release-macos-arm64, r-release-macos-x86_64, r-release-windows-ix86+x86_64