CRAN Package Check Results for Package ggdmc

Last updated on 2021-08-03 23:52:09 CEST.

Flavor Version Tinstall Tcheck Ttotal Status Flags
r-devel-linux-x86_64-debian-clang 0.2.6.0 141.63 74.79 216.42 NOTE
r-devel-linux-x86_64-debian-gcc 0.2.6.0 97.75 54.79 152.54 NOTE
r-devel-linux-x86_64-fedora-clang 0.2.6.0 307.69 NOTE
r-devel-linux-x86_64-fedora-gcc 0.2.6.0 273.51 NOTE
r-devel-windows-x86_64 0.2.6.0 129.00 102.00 231.00 NOTE
r-devel-windows-x86_64-gcc10-UCRT 0.2.6.0 NOTE
r-patched-linux-x86_64 0.2.6.0 116.10 69.44 185.54 NOTE
r-patched-solaris-x86 0.2.6.0 261.20 NOTE
r-release-linux-x86_64 0.2.6.0 117.75 69.39 187.14 NOTE
r-release-macos-arm64 0.2.6.0 NOTE
r-release-macos-x86_64 0.2.6.0 NOTE
r-release-windows-ix86+x86_64 0.2.6.0 315.00 101.00 416.00 NOTE
r-oldrel-macos-x86_64 0.2.6.0 NOTE
r-oldrel-windows-ix86+x86_64 0.2.6.0 232.00 131.00 363.00 OK

Check Details

Version: 0.2.6.0
Check: LazyData
Result: NOTE
     'LazyData' is specified without a 'data' directory
Flavors: r-devel-linux-x86_64-debian-clang, r-devel-linux-x86_64-debian-gcc, r-devel-linux-x86_64-fedora-clang, r-devel-linux-x86_64-fedora-gcc, r-devel-windows-x86_64, r-devel-windows-x86_64-gcc10-UCRT, r-patched-linux-x86_64, r-patched-solaris-x86, r-release-linux-x86_64, r-release-macos-arm64, r-release-macos-x86_64, r-release-windows-ix86+x86_64

Version: 0.2.6.0
Check: installed package size
Result: NOTE
     installed size is 5.6Mb
     sub-directories of 1Mb or more:
     libs 5.2Mb
Flavors: r-devel-linux-x86_64-fedora-clang, r-release-macos-arm64, r-release-macos-x86_64, r-oldrel-macos-x86_64