CRAN Package Check Results for Package ggbump

Last updated on 2023-06-09 00:54:23 CEST.

Flavor Version Tinstall Tcheck Ttotal Status Flags
r-devel-linux-x86_64-debian-clang 0.1.0 5.18 44.74 49.92 NOTE
r-devel-linux-x86_64-debian-gcc 0.1.0 4.46 33.60 38.06 NOTE
r-devel-linux-x86_64-fedora-clang 0.1.0 62.80 NOTE
r-devel-linux-x86_64-fedora-gcc 0.1.0 58.03 NOTE
r-devel-windows-x86_64 0.1.0 8.00 51.00 59.00 NOTE
r-patched-linux-x86_64 0.1.0 6.17 42.29 48.46 NOTE
r-release-linux-x86_64 0.1.0 5.33 41.70 47.03 NOTE
r-release-macos-arm64 0.1.0 22.00 NOTE
r-release-macos-x86_64 0.1.0 32.00 NOTE
r-release-windows-x86_64 0.1.0 8.00 59.00 67.00 NOTE
r-oldrel-macos-arm64 0.1.0 23.00 NOTE
r-oldrel-macos-x86_64 0.1.0 54.00 NOTE
r-oldrel-windows-x86_64 0.1.0 8.00 62.00 70.00 NOTE

Check Details

Version: 0.1.0
Check: LazyData
Result: NOTE
     'LazyData' is specified without a 'data' directory
Flavors: r-devel-linux-x86_64-debian-clang, r-devel-linux-x86_64-debian-gcc, r-devel-linux-x86_64-fedora-clang, r-devel-linux-x86_64-fedora-gcc, r-devel-windows-x86_64, r-patched-linux-x86_64, r-release-linux-x86_64, r-release-macos-arm64, r-release-macos-x86_64, r-release-windows-x86_64, r-oldrel-macos-arm64, r-oldrel-macos-x86_64, r-oldrel-windows-x86_64