CRAN Package Check Results for Package gganimate

Last updated on 2021-09-18 23:49:53 CEST.

Flavor Version Tinstall Tcheck Ttotal Status Flags
r-devel-linux-x86_64-debian-clang 1.0.7 11.34 212.81 224.15 NOTE
r-devel-linux-x86_64-debian-gcc 1.0.7 10.20 155.10 165.30 NOTE
r-devel-linux-x86_64-fedora-clang 1.0.7 263.21 NOTE
r-devel-linux-x86_64-fedora-gcc 1.0.7 249.61 NOTE
r-devel-windows-x86_64 1.0.7 15.00 226.00 241.00 NOTE
r-devel-windows-x86_64-gcc10-UCRT 1.0.7 NOTE
r-patched-linux-x86_64 1.0.7 11.01 195.94 206.95 NOTE
r-patched-solaris-x86 1.0.7 484.10 NOTE
r-release-linux-x86_64 1.0.7 10.09 196.98 207.07 NOTE
r-release-macos-arm64 1.0.7 NOTE
r-release-macos-x86_64 1.0.7 NOTE
r-release-windows-ix86+x86_64 1.0.7 25.00 166.00 191.00 NOTE
r-oldrel-macos-x86_64 1.0.7 OK
r-oldrel-windows-ix86+x86_64 1.0.7 25.00 184.00 209.00 OK

Check Details

Version: 1.0.7
Check: LazyData
Result: NOTE
     'LazyData' is specified without a 'data' directory
Flavors: r-devel-linux-x86_64-debian-clang, r-devel-linux-x86_64-debian-gcc, r-devel-linux-x86_64-fedora-clang, r-devel-linux-x86_64-fedora-gcc, r-devel-windows-x86_64, r-devel-windows-x86_64-gcc10-UCRT, r-patched-linux-x86_64, r-patched-solaris-x86, r-release-linux-x86_64, r-release-macos-arm64, r-release-macos-x86_64, r-release-windows-ix86+x86_64

Version: 1.0.7
Check: package dependencies
Result: NOTE
    Packages suggested but not available for checking: 'av', 'gifski'
Flavor: r-patched-solaris-x86