CRAN Package Check Results for Package ggThemeAssist

Last updated on 2024-06-14 00:53:43 CEST.

Flavor Version Tinstall Tcheck Ttotal Status Flags
r-devel-linux-x86_64-debian-clang 0.1.5 5.49 54.67 60.16 NOTE
r-devel-linux-x86_64-debian-gcc 0.1.5 0.34 1.58 1.92 ERROR
r-devel-linux-x86_64-fedora-clang 0.1.5 80.68 NOTE
r-devel-linux-x86_64-fedora-gcc 0.1.5 73.59 NOTE
r-devel-windows-x86_64 0.1.5 7.00 58.00 65.00 NOTE
r-patched-linux-x86_64 0.1.5 7.26 52.16 59.42 NOTE
r-release-linux-x86_64 0.1.5 6.06 53.52 59.58 NOTE
r-release-macos-arm64 0.1.5 30.00 NOTE
r-release-macos-x86_64 0.1.5 47.00 NOTE
r-release-windows-x86_64 0.1.5 8.00 59.00 67.00 NOTE
r-oldrel-macos-arm64 0.1.5 31.00 NOTE
r-oldrel-macos-x86_64 0.1.5 51.00 NOTE
r-oldrel-windows-x86_64 0.1.5 9.00 68.00 77.00 NOTE

Check Details

Version: 0.1.5
Check: LazyData
Result: NOTE 'LazyData' is specified without a 'data' directory Flavors: r-devel-linux-x86_64-debian-clang, r-devel-linux-x86_64-fedora-clang, r-devel-linux-x86_64-fedora-gcc, r-devel-windows-x86_64, r-patched-linux-x86_64, r-release-linux-x86_64, r-release-macos-arm64, r-release-macos-x86_64, r-release-windows-x86_64, r-oldrel-macos-arm64, r-oldrel-macos-x86_64, r-oldrel-windows-x86_64

Version: 0.1.5
Check: package dependencies
Result: ERROR Package required but not available: ‘ggplot2’ See section ‘The DESCRIPTION file’ in the ‘Writing R Extensions’ manual. Flavor: r-devel-linux-x86_64-debian-gcc