CRAN Package Check Results for Package ggExtra

Last updated on 2024-06-17 00:49:59 CEST.

Flavor Version Tinstall Tcheck Ttotal Status Flags
r-devel-linux-x86_64-debian-clang 0.10.1 6.55 65.66 72.21 NOTE
r-devel-linux-x86_64-debian-gcc 0.10.1 5.03 49.22 54.25 NOTE
r-devel-linux-x86_64-fedora-clang 0.10.1 88.77 NOTE
r-devel-linux-x86_64-fedora-gcc 0.10.1 96.72 NOTE
r-devel-windows-x86_64 0.10.1 6.00 72.00 78.00 OK
r-patched-linux-x86_64 0.10.1 4.96 61.88 66.84 NOTE
r-release-linux-x86_64 0.10.1 5.52 63.32 68.84 NOTE
r-release-macos-arm64 0.10.1 37.00 OK
r-release-macos-x86_64 0.10.1 67.00 OK
r-release-windows-x86_64 0.10.1 8.00 122.00 130.00 OK
r-oldrel-macos-arm64 0.10.1 37.00 OK
r-oldrel-macos-x86_64 0.10.1 63.00 OK
r-oldrel-windows-x86_64 0.10.1 8.00 80.00 88.00 OK

Check Details

Version: 0.10.1
Check: R code for possible problems
Result: NOTE Found the following assignments to the global environment: File ‘ggExtra/R/ggMarginalGadget.R’: assign(plotname, eval(parse(text = origPlot)), envir = .GlobalEnv) Flavors: r-devel-linux-x86_64-debian-clang, r-devel-linux-x86_64-debian-gcc, r-devel-linux-x86_64-fedora-clang, r-patched-linux-x86_64, r-release-linux-x86_64

Version: 0.10.1
Check: dependencies in R code
Result: NOTE Namespaces in Imports field not imported from: ‘R6’ ‘scales’ ‘utils’ All declared Imports should be used. Flavors: r-devel-linux-x86_64-fedora-clang, r-devel-linux-x86_64-fedora-gcc