CRAN Package Check Results for Package gfilmm

Last updated on 2024-06-13 00:55:15 CEST.

Flavor Version Tinstall Tcheck Ttotal Status Flags
r-devel-linux-x86_64-debian-clang 2.0.5 114.48 241.17 355.65 NOTE
r-devel-linux-x86_64-debian-gcc 2.0.5 0.43 1.74 2.17 ERROR
r-devel-linux-x86_64-fedora-clang 2.0.5 447.28 NOTE
r-devel-linux-x86_64-fedora-gcc 2.0.5 491.03 NOTE
r-devel-windows-x86_64 2.0.5 75.00 223.00 298.00 NOTE
r-patched-linux-x86_64 2.0.5 81.35 237.32 318.67 NOTE
r-release-linux-x86_64 2.0.5 82.13 237.78 319.91 NOTE
r-release-macos-arm64 2.0.5 114.00 NOTE
r-release-macos-x86_64 2.0.5 196.00 NOTE
r-release-windows-x86_64 2.0.5 82.00 225.00 307.00 NOTE
r-oldrel-macos-arm64 2.0.5 164.00 NOTE
r-oldrel-macos-x86_64 2.0.5 244.00 NOTE
r-oldrel-windows-x86_64 2.0.5 99.00 252.00 351.00 NOTE

Check Details

Version: 2.0.5
Check: C++ specification
Result: NOTE Specified C++11: please drop specification unless essential Flavors: r-devel-linux-x86_64-debian-clang, r-devel-linux-x86_64-fedora-clang, r-devel-linux-x86_64-fedora-gcc, r-devel-windows-x86_64, r-patched-linux-x86_64, r-release-linux-x86_64, r-release-macos-arm64, r-release-macos-x86_64, r-release-windows-x86_64, r-oldrel-macos-arm64, r-oldrel-macos-x86_64, r-oldrel-windows-x86_64

Version: 2.0.5
Check: package dependencies
Result: ERROR Package required but not available: ‘forcats’ Packages suggested but not available for checking: 'AOV1R', 'car', 'GGally', 'lmerTest', 'testthat' See section ‘The DESCRIPTION file’ in the ‘Writing R Extensions’ manual. Flavor: r-devel-linux-x86_64-debian-gcc

Version: 2.0.5
Check: installed package size
Result: NOTE installed size is 33.2Mb sub-directories of 1Mb or more: libs 32.7Mb Flavors: r-release-macos-arm64, r-release-macos-x86_64, r-oldrel-macos-arm64, r-oldrel-macos-x86_64