CRAN Package Check Results for Package gfilmm

Last updated on 2021-09-26 23:49:37 CEST.

Flavor Version Tinstall Tcheck Ttotal Status Flags
r-devel-linux-x86_64-debian-clang 2.0.4 111.99 243.84 355.83 OK
r-devel-linux-x86_64-debian-gcc 2.0.4 77.63 172.82 250.45 OK
r-devel-linux-x86_64-fedora-clang 2.0.4 465.53 NOTE
r-devel-linux-x86_64-fedora-gcc 2.0.4 425.53 OK
r-devel-windows-x86_64 2.0.4 85.00 173.00 258.00 OK
r-devel-windows-x86_64-gcc10-UCRT 2.0.4 OK
r-patched-linux-x86_64 2.0.4 73.48 215.87 289.35 OK
r-patched-solaris-x86 2.0.4 284.00 OK
r-release-linux-x86_64 2.0.4 76.30 216.87 293.17 OK
r-release-macos-arm64 2.0.4 NOTE
r-release-macos-x86_64 2.0.4 NOTE
r-release-windows-ix86+x86_64 2.0.4 206.00 216.00 422.00 OK
r-oldrel-macos-x86_64 2.0.4 NOTE
r-oldrel-windows-ix86+x86_64 2.0.4 152.00 220.00 372.00 OK

Check Details

Version: 2.0.4
Check: installed package size
Result: NOTE
     installed size is 32.4Mb
     sub-directories of 1Mb or more:
     libs 31.7Mb
Flavors: r-devel-linux-x86_64-fedora-clang, r-release-macos-arm64, r-release-macos-x86_64, r-oldrel-macos-x86_64