CRAN Package Check Results for Package gesisdata

Last updated on 2023-06-01 00:59:41 CEST.

Flavor Version Tinstall Tcheck Ttotal Status Flags
r-devel-linux-x86_64-debian-clang 0.1.0 6.84 56.71 63.55 NOTE
r-devel-linux-x86_64-debian-gcc 0.1.0 5.73 42.69 48.42 NOTE
r-devel-linux-x86_64-fedora-clang 0.1.0 80.26 NOTE
r-devel-linux-x86_64-fedora-gcc 0.1.0 86.26 NOTE
r-devel-windows-x86_64 0.1.0 8.00 61.00 69.00 NOTE
r-patched-linux-x86_64 0.1.0 NOTE
r-release-linux-x86_64 0.1.0 4.32 53.39 57.71 NOTE
r-release-macos-arm64 0.1.0 32.00 NOTE
r-release-macos-x86_64 0.1.0 48.00 NOTE
r-release-windows-x86_64 0.1.0 9.00 69.00 78.00 NOTE
r-oldrel-macos-arm64 0.1.0 31.00 NOTE
r-oldrel-macos-x86_64 0.1.0 53.00 NOTE
r-oldrel-windows-x86_64 0.1.0 9.00 74.00 83.00 NOTE

Check Details

Version: 0.1.0
Check: LazyData
Result: NOTE
     'LazyData' is specified without a 'data' directory
Flavors: r-devel-linux-x86_64-debian-clang, r-devel-linux-x86_64-debian-gcc, r-devel-linux-x86_64-fedora-clang, r-devel-linux-x86_64-fedora-gcc, r-devel-windows-x86_64, r-patched-linux-x86_64, r-release-linux-x86_64, r-release-macos-arm64, r-release-macos-x86_64, r-release-windows-x86_64, r-oldrel-macos-arm64, r-oldrel-macos-x86_64, r-oldrel-windows-x86_64