CRAN Package Check Results for Package geospark

Last updated on 2021-10-27 23:50:25 CEST.

Flavor Version Tinstall Tcheck Ttotal Status Flags
r-devel-linux-x86_64-debian-clang 0.3.1 6.04 55.28 61.32 NOTE
r-devel-linux-x86_64-debian-gcc 0.3.1 5.41 41.90 47.31 NOTE
r-devel-linux-x86_64-fedora-clang 0.3.1 85.79 NOTE
r-devel-linux-x86_64-fedora-gcc 0.3.1 70.99 NOTE
r-devel-windows-x86_64 0.3.1 11.00 78.00 89.00 NOTE
r-devel-windows-x86_64-gcc10-UCRT 0.3.1 NOTE
r-patched-linux-x86_64 0.3.1 6.52 53.22 59.74 NOTE
r-patched-solaris-x86 0.3.1 102.80 NOTE
r-release-linux-x86_64 0.3.1 4.68 52.52 57.20 NOTE
r-release-macos-arm64 0.3.1 NOTE
r-release-macos-x86_64 0.3.1 NOTE
r-release-windows-ix86+x86_64 0.3.1 12.00 75.00 87.00 NOTE
r-oldrel-macos-x86_64 0.3.1 NOTE
r-oldrel-windows-ix86+x86_64 0.3.1 12.00 81.00 93.00 OK

Check Details

Version: 0.3.1
Check: LazyData
Result: NOTE
     'LazyData' is specified without a 'data' directory
Flavors: r-devel-linux-x86_64-debian-clang, r-devel-linux-x86_64-debian-gcc, r-devel-linux-x86_64-fedora-clang, r-devel-linux-x86_64-fedora-gcc, r-devel-windows-x86_64, r-devel-windows-x86_64-gcc10-UCRT, r-patched-linux-x86_64, r-patched-solaris-x86, r-release-linux-x86_64, r-release-macos-arm64, r-release-macos-x86_64, r-release-windows-ix86+x86_64

Version: 0.3.1
Check: dependencies in R code
Result: NOTE
    Namespace in Imports field not imported from: ‘dbplyr’
     All declared Imports should be used.
Flavors: r-devel-linux-x86_64-fedora-clang, r-devel-linux-x86_64-fedora-gcc, r-devel-windows-x86_64-gcc10-UCRT, r-patched-solaris-x86, r-release-macos-arm64, r-release-macos-x86_64, r-oldrel-macos-x86_64