CRAN Package Check Results for Package geoscale

Last updated on 2021-12-01 23:51:38 CET.

Flavor Version Tinstall Tcheck Ttotal Status Flags
r-devel-linux-x86_64-debian-clang 2.0 3.47 26.16 29.63 NOTE
r-devel-linux-x86_64-debian-gcc 2.0 2.68 20.55 23.23 NOTE
r-devel-linux-x86_64-fedora-clang 2.0 46.92 NOTE
r-devel-linux-x86_64-fedora-gcc 2.0 35.71 NOTE
r-devel-windows-x86_64-new-UL 2.0 9.00 60.00 69.00 NOTE
r-devel-windows-x86_64-new-TK 2.0 NOTE
r-devel-windows-x86_64-old 2.0 7.00 28.00 35.00 NOTE
r-patched-linux-x86_64 2.0 3.26 25.18 28.44 NOTE
r-patched-solaris-x86 2.0 49.40 NOTE
r-release-linux-x86_64 2.0 3.08 25.19 28.27 NOTE
r-release-macos-arm64 2.0 NOTE
r-release-macos-x86_64 2.0 NOTE
r-release-windows-ix86+x86_64 2.0 7.00 28.00 35.00 NOTE
r-oldrel-macos-x86_64 2.0 NOTE
r-oldrel-windows-ix86+x86_64 2.0 6.00 27.00 33.00 NOTE

Check Details

Version: 2.0
Check: R code for possible problems
Result: NOTE
    geoscaleBox: no visible global function definition for 'boxplot'
    geoscaleBox: no visible global function definition for 'par'
    geoscaleBox: no visible global function definition for 'text'
    geoscaleBox: no visible global function definition for 'segments'
    geoscaleBox: no visible global function definition for 'rect'
    geoscaleBox: no visible global function definition for 'rgb'
    geoscaleBox: no visible global function definition for 'polygon'
    geoscaleBox: no visible global function definition for 'points'
    geoscaleBox: no visible global function definition for 'axis'
    geoscalePlot: no visible global function definition for 'par'
    geoscalePlot: no visible global function definition for 'text'
    geoscalePlot: no visible global function definition for 'segments'
    geoscalePlot: no visible global function definition for 'rect'
    geoscalePlot: no visible global function definition for 'rgb'
    geoscalePlot: no visible global function definition for 'points'
    geoscalePlot: no visible global function definition for 'axis'
    Undefined global functions or variables:
     axis boxplot par points polygon rect rgb segments text
    Consider adding
     importFrom("grDevices", "rgb")
     importFrom("graphics", "axis", "boxplot", "par", "points", "polygon",
     "rect", "segments", "text")
    to your NAMESPACE file.
Flavors: r-devel-linux-x86_64-debian-clang, r-devel-linux-x86_64-debian-gcc, r-devel-linux-x86_64-fedora-clang, r-devel-linux-x86_64-fedora-gcc, r-devel-windows-x86_64-new-UL, r-devel-windows-x86_64-new-TK, r-devel-windows-x86_64-old, r-patched-linux-x86_64, r-patched-solaris-x86, r-release-linux-x86_64, r-release-macos-arm64, r-release-macos-x86_64, r-release-windows-ix86+x86_64, r-oldrel-macos-x86_64, r-oldrel-windows-ix86+x86_64