CRAN Package Check Results for Package geometries

Last updated on 2021-12-04 23:50:33 CET.

Flavor Version Tinstall Tcheck Ttotal Status Flags
r-devel-linux-x86_64-debian-clang 0.2.0 97.41 37.81 135.22 NOTE
r-devel-linux-x86_64-debian-gcc 0.2.0 73.50 30.03 103.53 NOTE
r-devel-linux-x86_64-fedora-clang 0.2.0 210.52 NOTE
r-devel-linux-x86_64-fedora-gcc 0.2.0 185.61 NOTE
r-devel-windows-x86_64-new-UL 0.2.0 127.00 101.00 228.00 NOTE
r-devel-windows-x86_64-new-TK 0.2.0 NOTE
r-devel-windows-x86_64-old 0.2.0 127.00 46.00 173.00 NOTE
r-patched-linux-x86_64 0.2.0 89.15 28.27 117.42 NOTE
r-release-linux-x86_64 0.2.0 90.57 28.13 118.70 NOTE
r-release-macos-arm64 0.2.0 NOTE
r-release-macos-x86_64 0.2.0 NOTE
r-release-windows-ix86+x86_64 0.2.0 253.00 81.00 334.00 NOTE
r-oldrel-macos-x86_64 0.2.0 OK
r-oldrel-windows-ix86+x86_64 0.2.0 219.00 81.00 300.00 OK

Check Details

Version: 0.2.0
Check: LazyData
Result: NOTE
     'LazyData' is specified without a 'data' directory
Flavors: r-devel-linux-x86_64-debian-clang, r-devel-linux-x86_64-debian-gcc, r-devel-linux-x86_64-fedora-clang, r-devel-linux-x86_64-fedora-gcc, r-devel-windows-x86_64-new-UL, r-devel-windows-x86_64-new-TK, r-devel-windows-x86_64-old, r-patched-linux-x86_64, r-release-linux-x86_64, r-release-macos-arm64, r-release-macos-x86_64, r-release-windows-ix86+x86_64

Version: 0.2.0
Check: installed package size
Result: NOTE
     installed size is 5.8Mb
     sub-directories of 1Mb or more:
     libs 5.3Mb
Flavors: r-devel-linux-x86_64-fedora-clang, r-release-macos-arm64