CRAN Package Check Results for Package geojsonsf

Last updated on 2024-06-14 00:53:43 CEST.

Flavor Version Tinstall Tcheck Ttotal Status Flags
r-devel-linux-x86_64-debian-clang 2.0.3 96.26 38.86 135.12 NOTE
r-devel-linux-x86_64-debian-gcc 2.0.3 68.65 29.30 97.95 NOTE
r-devel-linux-x86_64-fedora-clang 2.0.3 197.20 NOTE
r-devel-linux-x86_64-fedora-gcc 2.0.3 217.90 NOTE
r-devel-windows-x86_64 2.0.3 73.00 74.00 147.00 NOTE
r-patched-linux-x86_64 2.0.3 81.78 37.57 119.35 NOTE
r-release-linux-x86_64 2.0.3 93.48 36.23 129.71 NOTE
r-release-macos-arm64 2.0.3 52.00 NOTE
r-release-macos-x86_64 2.0.3 63.00 NOTE
r-release-windows-x86_64 2.0.3 72.00 78.00 150.00 NOTE
r-oldrel-macos-arm64 2.0.3 64.00 NOTE
r-oldrel-macos-x86_64 2.0.3 96.00 NOTE
r-oldrel-windows-x86_64 2.0.3 88.00 81.00 169.00 NOTE

Check Details

Version: 2.0.3
Check: C++ specification
Result: NOTE Specified C++11: please drop specification unless essential Flavors: r-devel-linux-x86_64-debian-clang, r-devel-linux-x86_64-debian-gcc, r-devel-linux-x86_64-fedora-clang, r-devel-linux-x86_64-fedora-gcc, r-devel-windows-x86_64, r-patched-linux-x86_64, r-release-linux-x86_64, r-release-macos-arm64, r-release-macos-x86_64, r-release-windows-x86_64, r-oldrel-macos-arm64, r-oldrel-macos-x86_64, r-oldrel-windows-x86_64

Version: 2.0.3
Check: installed package size
Result: NOTE installed size is 6.4Mb sub-directories of 1Mb or more: help 1.3Mb libs 4.4Mb Flavors: r-release-macos-arm64, r-release-macos-x86_64, r-oldrel-macos-arm64, r-oldrel-macos-x86_64