CRAN Package Check Results for Package geodetector

Last updated on 2021-09-23 23:50:07 CEST.

Flavor Version Tinstall Tcheck Ttotal Status Flags
r-devel-linux-x86_64-debian-clang 1.0-4 4.63 42.01 46.64 OK
r-devel-linux-x86_64-debian-gcc 1.0-4 3.25 32.27 35.52 OK
r-devel-linux-x86_64-fedora-clang 1.0-4 66.11 NOTE
r-devel-linux-x86_64-fedora-gcc 1.0-4 58.41 NOTE
r-devel-windows-x86_64 1.0-4 6.00 48.00 54.00 OK
r-devel-windows-x86_64-gcc10-UCRT 1.0-4 NOTE
r-patched-linux-x86_64 1.0-4 3.80 39.67 43.47 OK
r-patched-solaris-x86 1.0-4 74.20 NOTE
r-release-linux-x86_64 1.0-4 4.39 39.44 43.83 OK
r-release-macos-arm64 1.0-4 NOTE
r-release-macos-x86_64 1.0-4 NOTE
r-release-windows-ix86+x86_64 1.0-4 9.00 46.00 55.00 OK
r-oldrel-macos-x86_64 1.0-4 NOTE
r-oldrel-windows-ix86+x86_64 1.0-4 7.00 44.00 51.00 OK

Check Details

Version: 1.0-4
Check: dependencies in R code
Result: NOTE
    Namespaces in Imports field not imported from:
     ‘maptools’ ‘rgdal’ ‘rgeos’
     All declared Imports should be used.
Flavors: r-devel-linux-x86_64-fedora-clang, r-devel-linux-x86_64-fedora-gcc, r-devel-windows-x86_64-gcc10-UCRT, r-patched-solaris-x86, r-release-macos-arm64, r-release-macos-x86_64, r-oldrel-macos-x86_64