CRAN Package Check Results for Package geno2proteo

Last updated on 2024-04-20 00:56:08 CEST.

Flavor Version Tinstall Tcheck Ttotal Status Flags
r-devel-linux-x86_64-debian-clang 0.0.6 0.71 1.95 2.66 ERROR
r-devel-linux-x86_64-debian-gcc 0.0.6 OK
r-devel-linux-x86_64-fedora-clang 0.0.6 223.44 OK
r-devel-linux-x86_64-fedora-gcc 0.0.6 226.24 OK
r-prerel-macos-arm64 0.0.6 66.00 OK
r-prerel-macos-x86_64 0.0.6 154.00 OK
r-prerel-windows-x86_64 0.0.6 13.00 340.00 353.00 OK
r-patched-linux-x86_64 0.0.6 14.46 160.36 174.82 OK
r-release-linux-x86_64 0.0.6 17.49 159.63 177.12 OK
r-release-macos-arm64 0.0.6 77.00 OK
r-release-macos-x86_64 0.0.6 114.00 OK
r-release-windows-x86_64 0.0.6 16.00 172.00 188.00 OK
r-oldrel-macos-arm64 0.0.6 60.00 OK
r-oldrel-windows-x86_64 0.0.6 19.00 260.00 279.00 OK

Check Details

Version: 0.0.6
Check: package dependencies
Result: ERROR Package required but not available: ‘GenomicRanges’ See section ‘The DESCRIPTION file’ in the ‘Writing R Extensions’ manual. Flavor: r-devel-linux-x86_64-debian-clang