CRAN Package Check Results for Package genetics

Last updated on 2023-03-20 00:54:06 CET.

Flavor Version Tinstall Tcheck Ttotal Status Flags
r-devel-linux-x86_64-debian-clang 1.3.8.1.3 OK
r-devel-linux-x86_64-debian-gcc 1.3.8.1.3 4.55 51.92 56.47 OK
r-devel-linux-x86_64-fedora-clang 1.3.8.1.3 98.30 NOTE
r-devel-linux-x86_64-fedora-gcc 1.3.8.1.3 96.89 OK
r-devel-windows-x86_64 1.3.8.1.3 43.00 105.00 148.00 OK
r-patched-linux-x86_64 1.3.8.1.3 6.90 67.47 74.37 OK
r-release-linux-x86_64 1.3.8.1.3 6.31 68.32 74.63 OK
r-release-macos-arm64 1.3.8.1.3 26.00 OK
r-release-macos-x86_64 1.3.8.1.3 42.00 OK
r-release-windows-x86_64 1.3.8.1.3 29.00 100.00 129.00 OK
r-oldrel-macos-arm64 1.3.8.1.3 36.00 OK
r-oldrel-macos-x86_64 1.3.8.1.3 56.00 OK
r-oldrel-windows-ix86+x86_64 1.3.8.1.3 11.00 94.00 105.00 OK

Check Details

Version: 1.3.8.1.3
Check: Rd cross-references
Result: NOTE
    Undeclared package ‘bootstrap’ in Rd xrefs
Flavor: r-devel-linux-x86_64-fedora-clang