CRAN Package Check Results for Package genepop

Last updated on 2022-01-25 23:50:26 CET.

Flavor Version Tinstall Tcheck Ttotal Status Flags
r-devel-linux-x86_64-debian-clang 1.1.7 142.48 60.09 202.57 NOTE
r-devel-linux-x86_64-debian-gcc 1.1.7 106.24 40.35 146.59 NOTE
r-devel-linux-x86_64-fedora-clang 1.1.7 300.54 NOTE
r-devel-linux-x86_64-fedora-gcc 1.1.7 254.73 NOTE
r-devel-windows-x86_64-new-UL 1.1.7 323.00 100.00 423.00 NOTE
r-devel-windows-x86_64-new-TK 1.1.7 NOTE
r-patched-linux-x86_64 1.1.7 121.98 49.39 171.37 NOTE
r-release-linux-x86_64 1.1.7 124.82 49.38 174.20 NOTE
r-release-macos-arm64 1.1.7 NOTE
r-release-macos-x86_64 1.1.7 NOTE
r-release-windows-ix86+x86_64 1.1.7 313.00 91.00 404.00 NOTE
r-oldrel-macos-x86_64 1.1.7 NOTE
r-oldrel-windows-ix86+x86_64 1.1.7 312.00 100.00 412.00 NOTE

Check Details

Version: 1.1.7
Check: LazyData
Result: NOTE
     'LazyData' is specified without a 'data' directory
Flavors: r-devel-linux-x86_64-debian-clang, r-devel-linux-x86_64-debian-gcc, r-devel-linux-x86_64-fedora-clang, r-devel-linux-x86_64-fedora-gcc, r-devel-windows-x86_64-new-UL, r-devel-windows-x86_64-new-TK, r-patched-linux-x86_64, r-release-linux-x86_64, r-release-macos-arm64, r-release-macos-x86_64, r-release-windows-ix86+x86_64

Version: 1.1.7
Check: installed package size
Result: NOTE
     installed size is 10.6Mb
     sub-directories of 1Mb or more:
     doc 1.0Mb
     libs 8.5Mb
Flavors: r-devel-linux-x86_64-fedora-clang, r-release-macos-arm64, r-release-macos-x86_64, r-release-windows-ix86+x86_64, r-oldrel-macos-x86_64, r-oldrel-windows-ix86+x86_64