Last updated on 2023-06-04 00:54:31 CEST.
Flavor | Version | Tinstall | Tcheck | Ttotal | Status | Flags |
---|---|---|---|---|---|---|
r-devel-linux-x86_64-debian-clang | 0.9 | 2.52 | 36.03 | 38.55 | OK | |
r-devel-linux-x86_64-debian-gcc | 0.9 | 1.90 | 27.70 | 29.60 | OK | |
r-devel-linux-x86_64-fedora-clang | 0.9 | 46.83 | NOTE | |||
r-devel-linux-x86_64-fedora-gcc | 0.9 | 55.96 | NOTE | |||
r-devel-windows-x86_64 | 0.9 | 4.00 | 168.00 | 172.00 | OK | |
r-patched-linux-x86_64 | 0.9 | OK | ||||
r-release-linux-x86_64 | 0.9 | 1.84 | 34.02 | 35.86 | OK | |
r-release-macos-arm64 | 0.9 | 8.00 | ERROR | |||
r-release-macos-x86_64 | 0.9 | 43.00 | OK | |||
r-release-windows-x86_64 | 0.9 | 4.00 | 260.00 | 264.00 | OK | |
r-oldrel-macos-arm64 | 0.9 | 29.00 | NOTE | |||
r-oldrel-macos-x86_64 | 0.9 | 39.00 | NOTE | |||
r-oldrel-windows-x86_64 | 0.9 | 5.00 | 203.00 | 208.00 | OK |
Version: 0.9
Check: dependencies in R code
Result: NOTE
Namespaces in Imports field not imported from:
‘BiocManager’ ‘R.utils’ ‘markdown’
All declared Imports should be used.
Flavors: r-devel-linux-x86_64-fedora-clang, r-devel-linux-x86_64-fedora-gcc, r-oldrel-macos-arm64, r-oldrel-macos-x86_64
Version: 0.9
Check: package dependencies
Result: ERROR
Package required but not available: ‘GEOquery’
See section ‘The DESCRIPTION file’ in the ‘Writing R Extensions’
manual.
Flavor: r-release-macos-arm64