CRAN Package Check Results for Package gender

Last updated on 2021-05-06 23:49:32 CEST.

Flavor Version Tinstall Tcheck Ttotal Status Flags
r-devel-linux-x86_64-debian-clang 0.5.4 4.27 50.67 54.94 NOTE
r-devel-linux-x86_64-debian-gcc 0.5.4 3.36 37.91 41.27 NOTE
r-devel-linux-x86_64-fedora-clang 0.5.4 76.27 NOTE
r-devel-linux-x86_64-fedora-gcc 0.5.4 63.94 NOTE
r-devel-windows-ix86+x86_64 0.5.4 10.00 66.00 76.00 NOTE
r-devel-windows-x86_64-gcc10-UCRT 0.5.4 NOTE
r-patched-linux-x86_64 0.5.4 4.12 47.85 51.97 NOTE
r-patched-solaris-x86 0.5.4 94.80 NOTE
r-release-linux-x86_64 0.5.4 4.11 46.83 50.94 NOTE
r-release-macos-x86_64 0.5.4 NOTE
r-release-windows-ix86+x86_64 0.5.4 10.00 52.00 62.00 NOTE
r-oldrel-macos-x86_64 0.5.4 NOTE
r-oldrel-windows-ix86+x86_64 0.5.4 10.00 62.00 72.00 NOTE

Check Details

Version: 0.5.4
Check: package dependencies
Result: NOTE
    Package suggested but not available for checking: 'genderdata'
Flavors: r-devel-linux-x86_64-debian-clang, r-devel-linux-x86_64-debian-gcc, r-devel-linux-x86_64-fedora-clang, r-devel-linux-x86_64-fedora-gcc, r-devel-windows-ix86+x86_64, r-devel-windows-x86_64-gcc10-UCRT, r-patched-linux-x86_64, r-patched-solaris-x86, r-release-linux-x86_64, r-release-macos-x86_64, r-release-windows-ix86+x86_64, r-oldrel-macos-x86_64, r-oldrel-windows-ix86+x86_64

Version: 0.5.4
Check: LazyData
Result: NOTE
     'LazyData' is specified without a 'data' directory
Flavors: r-devel-linux-x86_64-debian-clang, r-devel-linux-x86_64-debian-gcc, r-devel-linux-x86_64-fedora-clang, r-devel-linux-x86_64-fedora-gcc, r-devel-windows-ix86+x86_64, r-devel-windows-x86_64-gcc10-UCRT, r-patched-linux-x86_64