CRAN Package Check Results for Package geepack

Last updated on 2024-06-14 00:53:43 CEST.

Flavor Version Tinstall Tcheck Ttotal Status Flags
r-devel-linux-x86_64-debian-clang 1.3.11 43.27 68.68 111.95 OK
r-devel-linux-x86_64-debian-gcc 1.3.11 0.49 1.62 2.11 ERROR
r-devel-linux-x86_64-fedora-clang 1.3.11 155.15 OK
r-devel-linux-x86_64-fedora-gcc 1.3.11 157.51 OK
r-devel-windows-x86_64 1.3.11 31.00 101.00 132.00 OK
r-patched-linux-x86_64 1.3.11 31.56 68.44 100.00 OK
r-release-linux-x86_64 1.3.11 24.13 68.41 92.54 OK
r-release-macos-arm64 1.3.11 47.00 OK
r-release-macos-x86_64 1.3.11 95.00 OK
r-release-windows-x86_64 1.3.11 35.00 101.00 136.00 OK
r-oldrel-macos-arm64 1.3.11 53.00 OK
r-oldrel-macos-x86_64 1.3.11 88.00 OK
r-oldrel-windows-x86_64 1.3.11 38.00 119.00 157.00 OK

Check Details

Version: 1.3.11
Check: package dependencies
Result: ERROR Package required but not available: ‘broom’ See section ‘The DESCRIPTION file’ in the ‘Writing R Extensions’ manual. Flavor: r-devel-linux-x86_64-debian-gcc