CRAN Package Check Results for Package gdata

Last updated on 2024-07-15 00:49:44 CEST.

Flavor Version Tinstall Tcheck Ttotal Status Flags
r-devel-linux-x86_64-debian-clang 3.0.0 3.24 56.91 60.15 NOTE
r-devel-linux-x86_64-debian-gcc 3.0.0 3.25 42.50 45.75 NOTE
r-devel-linux-x86_64-fedora-clang 3.0.0 80.12 NOTE
r-devel-linux-x86_64-fedora-gcc 3.0.0 84.89 NOTE
r-devel-windows-x86_64 3.0.0 6.00 94.00 100.00 NOTE
r-patched-linux-x86_64 3.0.0 6.20 52.80 59.00 NOTE
r-release-linux-x86_64 3.0.0 4.64 54.65 59.29 NOTE
r-release-macos-arm64 3.0.0 33.00 NOTE
r-release-macos-x86_64 3.0.0 59.00 NOTE
r-release-windows-x86_64 3.0.0 4.00 92.00 96.00 NOTE
r-oldrel-macos-arm64 3.0.0 38.00 OK
r-oldrel-macos-x86_64 3.0.0 68.00 OK
r-oldrel-windows-x86_64 3.0.0 5.00 95.00 100.00 OK

Check Details

Version: 3.0.0
Check: Rd files
Result: NOTE checkRd: (-1) is.what.Rd:23-24: Lost braces in \enumerate; meant \describe ? checkRd: (-1) is.what.Rd:25: Lost braces in \enumerate; meant \describe ? checkRd: (-1) is.what.Rd:26-27: Lost braces in \enumerate; meant \describe ? Flavors: r-devel-linux-x86_64-debian-clang, r-devel-linux-x86_64-debian-gcc, r-devel-linux-x86_64-fedora-clang, r-devel-linux-x86_64-fedora-gcc, r-devel-windows-x86_64, r-patched-linux-x86_64, r-release-linux-x86_64, r-release-macos-arm64, r-release-macos-x86_64, r-release-windows-x86_64