CRAN Package Check Results for Package gcookbook

Last updated on 2024-07-17 00:48:19 CEST.

Flavor Version Tinstall Tcheck Ttotal Status Flags
r-devel-linux-x86_64-debian-clang 2.0 3.18 21.81 24.99 OK
r-devel-linux-x86_64-debian-gcc 2.0 2.40 16.93 19.33 OK
r-devel-linux-x86_64-fedora-clang 2.0 32.93 OK
r-devel-linux-x86_64-fedora-gcc 2.0 30.14 OK
r-devel-windows-x86_64 2.0 4.00 39.00 43.00 NOTE
r-patched-linux-x86_64 2.0 3.48 20.95 24.43 OK
r-release-linux-x86_64 2.0 2.14 20.31 22.45 OK
r-release-macos-arm64 2.0 15.00 OK
r-release-macos-x86_64 2.0 22.00 OK
r-release-windows-x86_64 2.0 4.00 44.00 48.00 OK
r-oldrel-macos-arm64 2.0 18.00 OK
r-oldrel-macos-x86_64 2.0 21.00 OK
r-oldrel-windows-x86_64 2.0 5.00 38.00 43.00 OK

Check Details

Version: 2.0
Check: Rd cross-references
Result: NOTE Found the following Rd file(s) with Rd \link{} targets missing package anchors: cabbage_exp.Rd: cabbages Please provide package anchors for all Rd \link{} targets not in the package itself and the base packages. Flavor: r-devel-windows-x86_64