CRAN Package Check Results for Package gbeta

Last updated on 2021-12-04 23:50:33 CET.

Flavor Version Tinstall Tcheck Ttotal Status Flags
r-devel-linux-x86_64-debian-clang 0.1.0 29.79 38.82 68.61 OK
r-devel-linux-x86_64-debian-gcc 0.1.0 26.95 31.10 58.05 OK
r-devel-linux-x86_64-fedora-clang 0.1.0 97.98 NOTE
r-devel-linux-x86_64-fedora-gcc 0.1.0 87.36 OK
r-devel-windows-x86_64-new-UL 0.1.0 48.00 93.00 141.00 OK
r-devel-windows-x86_64-new-TK 0.1.0 OK
r-devel-windows-x86_64-old 0.1.0 44.00 60.00 104.00 OK
r-patched-linux-x86_64 0.1.0 31.46 29.51 60.97 OK
r-release-linux-x86_64 0.1.0 30.02 29.59 59.61 OK
r-release-macos-arm64 0.1.0 NOTE
r-release-macos-x86_64 0.1.0 NOTE
r-release-windows-ix86+x86_64 0.1.0 87.00 77.00 164.00 OK
r-oldrel-macos-x86_64 0.1.0 NOTE
r-oldrel-windows-ix86+x86_64 0.1.0 79.00 73.00 152.00 OK

Check Details

Version: 0.1.0
Check: installed package size
Result: NOTE
     installed size is 5.6Mb
     sub-directories of 1Mb or more:
     libs 5.4Mb
Flavors: r-devel-linux-x86_64-fedora-clang, r-release-macos-arm64, r-release-macos-x86_64, r-oldrel-macos-x86_64