CRAN Package Check Results for Package gaston

Last updated on 2021-12-04 23:50:33 CET.

Flavor Version Tinstall Tcheck Ttotal Status Flags
r-devel-linux-x86_64-debian-clang 1.5.7 683.43 121.62 805.05 OK
r-devel-linux-x86_64-debian-gcc 1.5.7 528.76 106.89 635.65 OK
r-devel-linux-x86_64-fedora-clang 1.5.7 1308.90 NOTE
r-devel-linux-x86_64-fedora-gcc 1.5.7 1163.72 OK
r-devel-windows-x86_64-new-UL 1.5.7 798.00 229.00 1027.00 NOTE
r-devel-windows-x86_64-new-TK 1.5.7 OK
r-devel-windows-x86_64-old 1.5.7 816.00 179.00 995.00 NOTE
r-patched-linux-x86_64 1.5.7 633.76 126.26 760.02 OK
r-release-linux-x86_64 1.5.7 619.31 126.64 745.95 OK
r-release-macos-arm64 1.5.7 NOTE
r-release-macos-x86_64 1.5.7 NOTE
r-release-windows-ix86+x86_64 1.5.7 1581.00 238.00 1819.00 NOTE
r-oldrel-macos-x86_64 1.5.7 NOTE
r-oldrel-windows-ix86+x86_64 1.5.7 1591.00 228.00 1819.00 NOTE

Check Details

Version: 1.5.7
Check: installed package size
Result: NOTE
     installed size is 72.0Mb
     sub-directories of 1Mb or more:
     extdata 1.6Mb
     libs 68.6Mb
Flavors: r-devel-linux-x86_64-fedora-clang, r-devel-windows-x86_64-new-UL, r-devel-windows-x86_64-old, r-release-macos-arm64, r-release-macos-x86_64, r-release-windows-ix86+x86_64, r-oldrel-macos-x86_64, r-oldrel-windows-ix86+x86_64

Version: 1.5.7
Check: Rd cross-references
Result: NOTE
    Undeclared package ‘RcppEigen’ in Rd xrefs
Flavor: r-devel-linux-x86_64-fedora-clang