Last updated on 2023-02-01 23:45:41 CET.
Flavor | Version | Tinstall | Tcheck | Ttotal | Status | Flags |
---|---|---|---|---|---|---|
r-devel-linux-x86_64-debian-clang | 1.5-1 | 26.80 | 257.57 | 284.37 | OK | |
r-devel-linux-x86_64-debian-gcc | 1.5-1 | 21.53 | 186.80 | 208.33 | OK | |
r-devel-linux-x86_64-fedora-clang | 1.5-1 | 351.70 | NOTE | |||
r-devel-linux-x86_64-fedora-gcc | 1.5-1 | 363.05 | OK | |||
r-devel-windows-x86_64 | 1.5-1 | 127.00 | 481.00 | 608.00 | NOTE | |
r-patched-linux-x86_64 | 1.5-1 | 28.35 | 238.64 | 266.99 | OK | |
r-release-linux-x86_64 | 1.5-1 | 26.86 | 243.49 | 270.35 | OK | |
r-release-macos-arm64 | 1.5-1 | 113.00 | NOTE | |||
r-release-macos-x86_64 | 1.5-1 | 171.00 | NOTE | |||
r-release-windows-x86_64 | 1.5-1 | 106.00 | 464.00 | 570.00 | NOTE | |
r-oldrel-macos-arm64 | 1.5-1 | 108.00 | NOTE | |||
r-oldrel-macos-x86_64 | 1.5-1 | 179.00 | NOTE | |||
r-oldrel-windows-ix86+x86_64 | 1.5-1 | 66.00 | 333.00 | 399.00 | NOTE |
Version: 1.5-1
Check: installed package size
Result: NOTE
installed size is 8.9Mb
sub-directories of 1Mb or more:
doc 7.6Mb
Flavors: r-devel-linux-x86_64-fedora-clang, r-devel-windows-x86_64, r-release-macos-arm64, r-release-macos-x86_64, r-release-windows-x86_64, r-oldrel-macos-arm64, r-oldrel-macos-x86_64, r-oldrel-windows-ix86+x86_64