CRAN Package Check Results for Package gamm4.test

Last updated on 2021-08-03 23:52:08 CEST.

Flavor Version Tinstall Tcheck Ttotal Status Flags
r-devel-linux-x86_64-debian-clang 0.1.0 13.92 136.78 150.70 NOTE
r-devel-linux-x86_64-debian-gcc 0.1.0 10.99 100.78 111.77 NOTE
r-devel-linux-x86_64-fedora-clang 0.1.0 185.03 OK
r-devel-linux-x86_64-fedora-gcc 0.1.0 172.70 OK
r-devel-windows-x86_64 0.1.0 18.00 156.00 174.00 NOTE
r-devel-windows-x86_64-gcc10-UCRT 0.1.0 OK
r-patched-linux-x86_64 0.1.0 14.17 127.26 141.43 NOTE
r-patched-solaris-x86 0.1.0 244.60 OK
r-release-linux-x86_64 0.1.0 12.35 126.11 138.46 NOTE
r-release-macos-arm64 0.1.0 OK
r-release-macos-x86_64 0.1.0 OK
r-release-windows-ix86+x86_64 0.1.0 31.00 159.00 190.00 NOTE
r-oldrel-macos-x86_64 0.1.0 OK
r-oldrel-windows-ix86+x86_64 0.1.0 37.00 162.00 199.00 NOTE

Check Details

Version: 0.1.0
Check: package vignettes
Result: NOTE
    Package vignette with placeholder title 'Vignette Title':
     'Introduction.Rmd'
Flavors: r-devel-linux-x86_64-debian-clang, r-devel-linux-x86_64-debian-gcc, r-devel-windows-x86_64, r-patched-linux-x86_64, r-release-linux-x86_64, r-release-windows-ix86+x86_64, r-oldrel-windows-ix86+x86_64