CRAN Package Check Results for Package gamlss.dist

Last updated on 2022-12-05 23:50:30 CET.

Flavor Version Tinstall Tcheck Ttotal Status Flags
r-devel-linux-x86_64-debian-clang 6.0-5 60.95 255.19 316.14 OK
r-devel-linux-x86_64-debian-gcc 6.0-5 41.34 187.55 228.89 OK
r-devel-linux-x86_64-fedora-clang 6.0-5 412.66 NOTE
r-devel-linux-x86_64-fedora-gcc 6.0-5 393.82 OK
r-devel-windows-x86_64 6.0-5 281.00 269.00 550.00 OK
r-patched-linux-x86_64 6.0-5 66.54 240.99 307.53 OK
r-release-linux-x86_64 6.0-5 53.99 240.70 294.69 OK
r-release-macos-arm64 6.0-5 88.00 OK
r-release-macos-x86_64 6.0-5 126.00 OK
r-release-windows-x86_64 6.0-5 214.00 255.00 469.00 OK
r-oldrel-macos-arm64 6.0-5 83.00 OK
r-oldrel-macos-x86_64 6.0-5 130.00 OK
r-oldrel-windows-ix86+x86_64 6.0-5 106.00 256.00 362.00 OK

Check Details

Version: 6.0-5
Check: Rd cross-references
Result: NOTE
    Undeclared package ‘gamlss’ in Rd xrefs
Flavor: r-devel-linux-x86_64-fedora-clang