CRAN Package Check Results for Package gamlss.data

Last updated on 2022-12-02 23:50:28 CET.

Flavor Version Tinstall Tcheck Ttotal Status Flags
r-devel-linux-x86_64-debian-clang 6.0-2 3.60 32.04 35.64 NOTE
r-devel-linux-x86_64-debian-gcc 6.0-2 2.47 24.98 27.45 NOTE
r-devel-linux-x86_64-fedora-clang 6.0-2 54.64 NOTE
r-devel-linux-x86_64-fedora-gcc 6.0-2 53.16 NOTE
r-devel-windows-x86_64 6.0-2 76.00 70.00 146.00 NOTE
r-patched-linux-x86_64 6.0-2 4.03 29.52 33.55 OK
r-release-linux-x86_64 6.0-2 3.45 29.54 32.99 OK
r-release-macos-arm64 6.0-2 20.00 OK
r-release-macos-x86_64 6.0-2 29.00 OK
r-release-windows-x86_64 6.0-2 12.00 56.00 68.00 OK
r-oldrel-macos-arm64 6.0-2 19.00 OK
r-oldrel-macos-x86_64 6.0-2 32.00 OK
r-oldrel-windows-ix86+x86_64 6.0-2 8.00 50.00 58.00 OK

Check Details

Version: 6.0-2
Check: Rd files
Result: NOTE
    checkRd: (-1) LGAclaims.Rd:30: Escaped LaTeX specials: \_
    checkRd: (-1) LGAclaims.Rd:34: Escaped LaTeX specials: \_
    checkRd: (-1) LGAclaims.Rd:35: Escaped LaTeX specials: \_
    checkRd: (-1) LGAclaims.Rd:36: Escaped LaTeX specials: \_
Flavors: r-devel-linux-x86_64-debian-clang, r-devel-linux-x86_64-debian-gcc, r-devel-linux-x86_64-fedora-clang, r-devel-linux-x86_64-fedora-gcc, r-devel-windows-x86_64