CRAN Package Check Results for Package gamclass

Last updated on 2021-09-19 23:50:07 CEST.

Flavor Version Tinstall Tcheck Ttotal Status Flags
r-devel-linux-x86_64-debian-clang 0.62.3 5.82 148.16 153.98 OK
r-devel-linux-x86_64-debian-gcc 0.62.3 4.72 114.55 119.27 OK
r-devel-linux-x86_64-fedora-clang 0.62.3 189.13 OK
r-devel-linux-x86_64-fedora-gcc 0.62.3 189.28 OK
r-devel-windows-x86_64 0.62.3 7.00 151.00 158.00 OK
r-devel-windows-x86_64-gcc10-UCRT 0.62.3 ERROR
r-patched-linux-x86_64 0.62.3 6.27 146.60 152.87 OK
r-patched-solaris-x86 0.62.3 94.10 OK
r-release-linux-x86_64 0.62.3 5.46 144.51 149.97 OK
r-release-macos-arm64 0.62.3 OK
r-release-macos-x86_64 0.62.3 OK
r-release-windows-ix86+x86_64 0.62.3 11.00 148.00 159.00 OK
r-oldrel-macos-x86_64 0.62.3 OK
r-oldrel-windows-ix86+x86_64 0.62.3 11.00 194.00 205.00 OK

Check Details

Version: 0.62.3
Check: whether package can be installed
Result: WARN
    Found the following significant warnings:
     WARNING: installation-time patches will not be applied, could not get the patches index
Flavor: r-devel-windows-x86_64-gcc10-UCRT

Version: 0.62.3
Check: PDF version of manual
Result: WARN
    LaTeX errors when creating PDF version.
    This typically indicates Rd problems.
Flavor: r-devel-windows-x86_64-gcc10-UCRT

Version: 0.62.3
Check: PDF version of manual without hyperrefs or index
Result: ERROR
    Re-running with no redirection of stdout/stderr.
Flavor: r-devel-windows-x86_64-gcc10-UCRT