CRAN Package Check Results for Package gWidgets2RGtk2

Last updated on 2021-10-24 23:51:49 CEST.

Flavor Version Tinstall Tcheck Ttotal Status Flags
r-devel-linux-x86_64-debian-clang 1.0-7 25.03 126.27 151.30 OK
r-devel-linux-x86_64-debian-gcc 1.0-7 20.03 93.53 113.56 OK
r-devel-linux-x86_64-fedora-clang 1.0-7 192.02 WARN
r-devel-linux-x86_64-fedora-gcc 1.0-7 182.96 OK
r-devel-windows-x86_64 1.0-7 38.00 119.00 157.00 OK
r-devel-windows-x86_64-gcc10-UCRT 1.0-7 ERROR
r-patched-linux-x86_64 1.0-7 26.11 121.66 147.77 OK
r-patched-solaris-x86 1.0-7 242.70 OK
r-release-linux-x86_64 1.0-7 23.03 121.02 144.05 OK
r-release-macos-arm64 1.0-7 ERROR
r-release-macos-x86_64 1.0-7 ERROR
r-release-windows-ix86+x86_64 1.0-7 28.00 117.00 145.00 OK
r-oldrel-macos-x86_64 1.0-7 ERROR
r-oldrel-windows-ix86+x86_64 1.0-7 49.00 118.00 167.00 OK

Check Details

Version: 1.0-7
Check: package dependencies
Result: WARN
    Requires orphaned package: ‘RGtk2’
    
    Suggests orphaned package: ‘cairoDevice’
Flavor: r-devel-linux-x86_64-fedora-clang

Version: 1.0-7
Check: package dependencies
Result: ERROR
    Package required but not available: 'RGtk2'
    
    See section 'The DESCRIPTION file' in the 'Writing R Extensions'
    manual.
Flavor: r-devel-windows-x86_64-gcc10-UCRT

Version: 1.0-7
Check: package dependencies
Result: ERROR
    Package required but not available: ‘RGtk2’
    
    Package suggested but not available for checking: ‘cairoDevice’
    
    See section ‘The DESCRIPTION file’ in the ‘Writing R Extensions’
    manual.
Flavor: r-release-macos-arm64

Version: 1.0-7
Check: tests
Result: ERROR
     Running ‘run-tests.R’ [4s/7s]
    Running the tests in ‘tests/run-tests.R’ failed.
    Last 13 lines of output:
     4: initialize(value, ...)
     5: initialize(value, ...)
     6: methods::new(def, ...)
     7: GSlider$new(toolkit, from, to, by, value, horizontal, handler, action, container, ...)
     8: .gslider.guiWidgetsToolkitRGtk2(toolkit, from, to, by, value, horizontal, handler, action, container = container, ...)
     9: .gslider(toolkit, from, to, by, value, horizontal, handler, action, container = container, ...)
     10: gslider(from = 0, to = 100, by = 1, cont = g)
     11: eval(ei, envir)
     12: eval(ei, envir)
     13: withVisible(eval(ei, envir))
     14: source(i)
     15: FUN(X[[i]], ...)
     16: lapply(X = X, FUN = FUN, ...)
     17: sapply(f, function(i) { message("testing ", i) source(i)})
     An irrecoverable exception occurred. R is aborting now ...
Flavor: r-release-macos-x86_64

Version: 1.0-7
Check: tests
Result: ERROR
     Running ‘run-tests.R’ [3s/6s]
    Running the tests in ‘tests/run-tests.R’ failed.
    Last 13 lines of output:
     4: initialize(value, ...)
     5: initialize(value, ...)
     6: methods::new(def, ...)
     7: GSlider$new(toolkit, from, to, by, value, horizontal, handler, action, container, ...)
     8: .gslider.guiWidgetsToolkitRGtk2(toolkit, from, to, by, value, horizontal, handler, action, container = container, ...)
     9: .gslider(toolkit, from, to, by, value, horizontal, handler, action, container = container, ...)
     10: gslider(from = 0, to = 100, by = 1, cont = g)
     11: eval(ei, envir)
     12: eval(ei, envir)
     13: withVisible(eval(ei, envir))
     14: source(i)
     15: FUN(X[[i]], ...)
     16: lapply(X = X, FUN = FUN, ...)
     17: sapply(f, function(i) { message("testing ", i) source(i)})
     An irrecoverable exception occurred. R is aborting now ...
Flavor: r-oldrel-macos-x86_64