Last updated on 2023-06-09 00:54:22 CEST.
Flavor | Version | Tinstall | Tcheck | Ttotal | Status | Flags |
---|---|---|---|---|---|---|
r-devel-linux-x86_64-debian-clang | 1.1.5 | 65.74 | 611.23 | 676.97 | OK | |
r-devel-linux-x86_64-debian-gcc | 1.1.5 | 52.08 | 457.67 | 509.75 | OK | |
r-devel-linux-x86_64-fedora-clang | 1.1.5 | 909.96 | NOTE | |||
r-devel-linux-x86_64-fedora-gcc | 1.1.5 | 888.14 | OK | |||
r-devel-windows-x86_64 | 1.1.5 | 53.00 | 428.00 | 481.00 | NOTE | |
r-patched-linux-x86_64 | 1.1.5 | 53.49 | 586.39 | 639.88 | OK | |
r-release-linux-x86_64 | 1.1.5 | 50.06 | 576.18 | 626.24 | OK | |
r-release-macos-arm64 | 1.1.5 | 259.00 | NOTE | |||
r-release-macos-x86_64 | 1.1.5 | 540.00 | NOTE | |||
r-release-windows-x86_64 | 1.1.5 | 68.00 | 566.00 | 634.00 | NOTE | |
r-oldrel-macos-arm64 | 1.1.5 | 9.00 | ERROR | |||
r-oldrel-macos-x86_64 | 1.1.5 | 10.00 | ERROR | |||
r-oldrel-windows-x86_64 | 1.1.5 | 72.00 | 494.00 | 566.00 | NOTE |
Version: 1.1.5
Check: installed package size
Result: NOTE
installed size is 10.6Mb
sub-directories of 1Mb or more:
doc 9.3Mb
Flavors: r-devel-linux-x86_64-fedora-clang, r-devel-windows-x86_64, r-release-macos-arm64, r-release-macos-x86_64, r-release-windows-x86_64, r-oldrel-windows-x86_64
Version: 1.1.5
Check: package dependencies
Result: ERROR
Package required but not available: ‘cBioPortalData’
See section ‘The DESCRIPTION file’ in the ‘Writing R Extensions’
manual.
Flavors: r-oldrel-macos-arm64, r-oldrel-macos-x86_64