Last updated on 2023-02-05 23:58:44 CET.
Flavor | Version | Tinstall | Tcheck | Ttotal | Status | Flags |
---|---|---|---|---|---|---|
r-devel-linux-x86_64-debian-clang | 0.3.4 | 52.94 | 31.96 | 84.90 | NOTE | |
r-devel-linux-x86_64-debian-gcc | 0.3.4 | 45.75 | 25.10 | 70.85 | NOTE | |
r-devel-linux-x86_64-fedora-clang | 0.3.4 | 137.42 | NOTE | |||
r-devel-linux-x86_64-fedora-gcc | 0.3.4 | 117.14 | NOTE | |||
r-devel-windows-x86_64 | 0.3.4 | 50.00 | 84.00 | 134.00 | NOTE | |
r-patched-linux-x86_64 | 0.3.4 | 45.68 | 32.28 | 77.96 | OK | |
r-release-linux-x86_64 | 0.3.4 | 46.21 | 31.46 | 77.67 | OK | |
r-release-macos-arm64 | 0.3.4 | 33.00 | OK | |||
r-release-macos-x86_64 | 0.3.4 | 43.00 | OK | |||
r-release-windows-x86_64 | 0.3.4 | 51.00 | 83.00 | 134.00 | OK | |
r-oldrel-macos-arm64 | 0.3.4 | 42.00 | OK | |||
r-oldrel-macos-x86_64 | 0.3.4 | 64.00 | OK | |||
r-oldrel-windows-ix86+x86_64 | 0.3.4 | 145.00 | 84.00 | 229.00 | OK |
Version: 0.3.4
Check: C++ specification
Result: NOTE
Specified C++11: please update to current default of C++17
Flavors: r-devel-linux-x86_64-debian-clang, r-devel-linux-x86_64-debian-gcc, r-devel-linux-x86_64-fedora-clang, r-devel-linux-x86_64-fedora-gcc, r-devel-windows-x86_64