Last updated on 2023-01-26 23:55:50 CET.
Flavor | Version | Tinstall | Tcheck | Ttotal | Status | Flags |
---|---|---|---|---|---|---|
r-devel-linux-x86_64-debian-clang | 1.0.1 | 39.14 | 118.36 | 157.50 | NOTE | |
r-devel-linux-x86_64-debian-gcc | 1.0.1 | 29.71 | 89.83 | 119.54 | NOTE | |
r-devel-linux-x86_64-fedora-clang | 1.0.1 | 197.88 | NOTE | |||
r-devel-linux-x86_64-fedora-gcc | 1.0.1 | 202.79 | NOTE | |||
r-devel-windows-x86_64 | 1.0.1 | 38.00 | 161.00 | 199.00 | NOTE | |
r-patched-linux-x86_64 | 1.0.1 | 34.59 | 114.69 | 149.28 | NOTE | |
r-release-linux-x86_64 | 1.0.1 | 33.84 | 114.63 | 148.47 | NOTE | |
r-release-macos-arm64 | 1.0.1 | 171.00 | NOTE | |||
r-release-macos-x86_64 | 1.0.1 | 195.00 | NOTE | |||
r-release-windows-x86_64 | 1.0.1 | 33.00 | 171.00 | 204.00 | NOTE | |
r-oldrel-macos-arm64 | 1.0.1 | 77.00 | NOTE | |||
r-oldrel-macos-x86_64 | 1.0.1 | 101.00 | NOTE | |||
r-oldrel-windows-ix86+x86_64 | 1.0.1 | 89.00 | 216.00 | 305.00 | NOTE |
Version: 1.0.1
Check: LazyData
Result: NOTE
'LazyData' is specified without a 'data' directory
Flavors: r-devel-linux-x86_64-debian-clang, r-devel-linux-x86_64-debian-gcc, r-devel-linux-x86_64-fedora-clang, r-devel-linux-x86_64-fedora-gcc, r-devel-windows-x86_64, r-patched-linux-x86_64, r-release-linux-x86_64, r-release-macos-arm64, r-release-macos-x86_64, r-release-windows-x86_64, r-oldrel-macos-arm64, r-oldrel-macos-x86_64, r-oldrel-windows-ix86+x86_64
Version: 1.0.1
Check: installed package size
Result: NOTE
installed size is 5.3Mb
sub-directories of 1Mb or more:
libs 5.1Mb
Flavors: r-release-macos-arm64, r-release-macos-x86_64, r-oldrel-macos-arm64, r-oldrel-macos-x86_64