CRAN Package Check Results for Package fusen

Last updated on 2024-06-13 00:55:14 CEST.

Flavor Version Tinstall Tcheck Ttotal Status Flags
r-devel-linux-x86_64-debian-clang 0.6.0 9.76 468.97 478.73 OK
r-devel-linux-x86_64-debian-gcc 0.6.0 0.58 1.93 2.51 ERROR
r-devel-linux-x86_64-fedora-clang 0.6.0 575.09 OK
r-devel-linux-x86_64-fedora-gcc 0.6.0 669.86 OK
r-devel-windows-x86_64 0.6.0 11.00 343.00 354.00 OK
r-patched-linux-x86_64 0.6.0 7.66 445.06 452.72 OK
r-release-linux-x86_64 0.6.0 7.44 447.18 454.62 OK
r-release-macos-arm64 0.6.0 248.00 OK
r-release-macos-x86_64 0.6.0 411.00 OK
r-release-windows-x86_64 0.6.0 11.00 386.00 397.00 OK
r-oldrel-macos-arm64 0.6.0 271.00 OK
r-oldrel-macos-x86_64 0.6.0 468.00 OK
r-oldrel-windows-x86_64 0.6.0 14.00 420.00 434.00 OK

Check Details

Version: 0.6.0
Check: package dependencies
Result: ERROR Packages required but not available: 'attachment', 'devtools', 'lightparser', 'roxygen2', 'tibble', 'tidyr', 'usethis' Packages suggested but not available for checking: 'styler', 'testthat' See section ‘The DESCRIPTION file’ in the ‘Writing R Extensions’ manual. Flavor: r-devel-linux-x86_64-debian-gcc