CRAN Package Check Results for Package funtimes

Last updated on 2021-10-20 23:50:10 CEST.

Flavor Version Tinstall Tcheck Ttotal Status Flags
r-devel-linux-x86_64-debian-clang 8.1 6.36 170.75 177.11 OK
r-devel-linux-x86_64-debian-gcc 8.1 4.94 109.22 114.16 OK
r-devel-linux-x86_64-fedora-clang 8.1 208.88 OK
r-devel-linux-x86_64-fedora-gcc 8.1 202.47 OK
r-devel-windows-x86_64 8.1 11.00 198.00 209.00 OK
r-devel-windows-x86_64-gcc10-UCRT 8.1 ERROR
r-patched-linux-x86_64 8.1 7.58 158.22 165.80 OK
r-patched-solaris-x86 8.1 96.30 OK
r-release-linux-x86_64 8.1 6.82 160.52 167.34 OK
r-release-macos-arm64 8.1 OK
r-release-macos-x86_64 8.1 OK
r-release-windows-ix86+x86_64 8.1 10.00 200.00 210.00 OK
r-oldrel-macos-x86_64 8.1 OK
r-oldrel-windows-ix86+x86_64 8.1 14.00 220.00 234.00 OK

Check Details

Version: 8.1
Check: package dependencies
Result: ERROR
    Packages required but not available: 'TDA', 'igraph'
    
    See section 'The DESCRIPTION file' in the 'Writing R Extensions'
    manual.
Flavor: r-devel-windows-x86_64-gcc10-UCRT