CRAN Package Check Results for Package funkyheatmap

Last updated on 2023-05-29 00:59:34 CEST.

Flavor Version Tinstall Tcheck Ttotal Status Flags
r-devel-linux-x86_64-debian-clang 0.3.0 8.75 171.45 180.20 OK
r-devel-linux-x86_64-debian-gcc 0.3.0 6.18 128.02 134.20 OK
r-devel-linux-x86_64-fedora-clang 0.3.0 215.04 NOTE
r-devel-linux-x86_64-fedora-gcc 0.3.0 219.11 NOTE
r-devel-windows-x86_64 0.3.0 10.00 140.00 150.00 OK
r-patched-linux-x86_64 0.3.0 13.57 160.15 173.72 OK
r-release-linux-x86_64 0.3.0 7.52 163.01 170.53 OK
r-release-macos-arm64 0.3.0 71.00 OK
r-release-macos-x86_64 0.3.0 98.00 OK
r-release-windows-x86_64 0.3.0 12.00 178.00 190.00 OK
r-oldrel-macos-arm64 0.3.0 63.00 OK
r-oldrel-macos-x86_64 0.3.0 97.00 OK
r-oldrel-windows-x86_64 0.3.0 13.00 177.00 190.00 OK

Check Details

Version: 0.3.0
Check: data for non-ASCII characters
Result: NOTE
     Note: found 36 marked UTF-8 strings
Flavors: r-devel-linux-x86_64-fedora-clang, r-devel-linux-x86_64-fedora-gcc