CRAN Package Check Results for Package funFEM

Last updated on 2021-05-15 23:49:14 CEST.

Flavor Version Tinstall Tcheck Ttotal Status Flags
r-devel-linux-x86_64-debian-clang 1.1 8.10 74.85 82.95 NOTE
r-devel-linux-x86_64-debian-gcc 1.1 7.65 57.98 65.63 NOTE
r-devel-linux-x86_64-fedora-clang 1.1 111.94 NOTE
r-devel-linux-x86_64-fedora-gcc 1.1 99.27 NOTE
r-devel-windows-ix86+x86_64 1.1 22.00 73.00 95.00 NOTE
r-devel-windows-x86_64-gcc10-UCRT 1.1 NOTE
r-patched-linux-x86_64 1.1 8.46 72.64 81.10 NOTE
r-patched-solaris-x86 1.1 150.40 NOTE
r-release-linux-x86_64 1.1 9.22 70.43 79.65 NOTE
r-release-macos-x86_64 1.1 NOTE
r-release-windows-ix86+x86_64 1.1 15.00 99.00 114.00 NOTE
r-oldrel-macos-x86_64 1.1 NOTE
r-oldrel-windows-ix86+x86_64 1.1 19.00 98.00 117.00 NOTE

Check Details

Version: 1.1
Check: R code for possible problems
Result: NOTE
    .FunFEM.main: no visible global function definition for 'kmeans'
    .FunFEM.main: no visible global function definition for 'rmultinom'
    .FunFEM.main: no visible global function definition for 'cutree'
    .FunFEM.main: no visible global function definition for 'hclust'
    .FunFEM.main: no visible global function definition for 'dist'
    .FunFEM.main: no visible global function definition for 'par'
    .mstep: no visible global function definition for 'cov'
    Undefined global functions or variables:
     cov cutree dist hclust kmeans par rmultinom
    Consider adding
     importFrom("graphics", "par")
     importFrom("stats", "cov", "cutree", "dist", "hclust", "kmeans",
     "rmultinom")
    to your NAMESPACE file.
Flavors: r-devel-linux-x86_64-debian-clang, r-devel-linux-x86_64-debian-gcc, r-devel-linux-x86_64-fedora-clang, r-devel-linux-x86_64-fedora-gcc, r-devel-windows-ix86+x86_64, r-devel-windows-x86_64-gcc10-UCRT, r-patched-linux-x86_64, r-patched-solaris-x86, r-release-linux-x86_64, r-release-macos-x86_64, r-release-windows-ix86+x86_64

Version: 1.1
Check: data for non-ASCII characters
Result: NOTE
     Note: found 120 marked UTF-8 strings
Flavors: r-devel-linux-x86_64-fedora-clang, r-devel-linux-x86_64-fedora-gcc, r-devel-windows-x86_64-gcc10-UCRT, r-patched-solaris-x86, r-release-macos-x86_64, r-oldrel-macos-x86_64

Version: 1.1
Check: R code for possible problems
Result: NOTE
    .FunFEM.main: no visible global function definition for ‘kmeans’
    .FunFEM.main: no visible global function definition for ‘rmultinom’
    .FunFEM.main: no visible global function definition for ‘cutree’
    .FunFEM.main: no visible global function definition for ‘hclust’
    .FunFEM.main: no visible global function definition for ‘dist’
    .FunFEM.main: no visible global function definition for ‘par’
    .FunFEM.main: no visible global function definition for ‘plot’
    .mstep: no visible global function definition for ‘cov’
    Undefined global functions or variables:
     cov cutree dist hclust kmeans par plot rmultinom
    Consider adding
     importFrom("graphics", "par", "plot")
     importFrom("stats", "cov", "cutree", "dist", "hclust", "kmeans",
     "rmultinom")
    to your NAMESPACE file.
Flavors: r-oldrel-macos-x86_64, r-oldrel-windows-ix86+x86_64